{"version":"1.0","provider_name":"FarmaIndustria","provider_url":"https:\/\/www.farmaindustria.es\/web","title":"Inauguraci\u00f3n del curso acad\u00e9mico de CESIF - FarmaIndustria","type":"rich","width":600,"height":338,"html":"<blockquote class=\"wp-embedded-content\" data-secret=\"nqRICTEz9r\"><a href=\"https:\/\/www.farmaindustria.es\/web\/otra-noticia\/inauguracion-del-curso-academico-cesif\/\">Inauguraci\u00f3n del curso acad\u00e9mico de CESIF<\/a><\/blockquote><iframe sandbox=\"allow-scripts\" security=\"restricted\" src=\"https:\/\/www.farmaindustria.es\/web\/otra-noticia\/inauguracion-del-curso-academico-cesif\/embed\/#?secret=nqRICTEz9r\" width=\"600\" height=\"338\" title=\"\u00abInauguraci\u00f3n del curso acad\u00e9mico de CESIF\u00bb \u2014 FarmaIndustria\" data-secret=\"nqRICTEz9r\" frameborder=\"0\" marginwidth=\"0\" marginheight=\"0\" scrolling=\"no\" class=\"wp-embedded-content\"><\/iframe><script type=\"text\/javascript\">\n\/* <![CDATA[ *\/\n\/*! This file is auto-generated *\/\n!function(d,l){\"use strict\";l.querySelector&&d.addEventListener&&\"undefined\"!=typeof URL&&(d.wp=d.wp||{},d.wp.receiveEmbedMessage||(d.wp.receiveEmbedMessage=function(e){var t=e.data;if((t||t.secret||t.message||t.value)&&!\/[^a-zA-Z0-9]\/.test(t.secret)){for(var s,r,n,a=l.querySelectorAll('iframe[data-secret=\"'+t.secret+'\"]'),o=l.querySelectorAll('blockquote[data-secret=\"'+t.secret+'\"]'),c=new RegExp(\"^https?:$\",\"i\"),i=0;i<o.length;i++)o[i].style.display=\"none\";for(i=0;i<a.length;i++)s=a[i],e.source===s.contentWindow&&(s.removeAttribute(\"style\"),\"height\"===t.message?(1e3<(r=parseInt(t.value,10))?r=1e3:~~r<200&&(r=200),s.height=r):\"link\"===t.message&&(r=new URL(s.getAttribute(\"src\")),n=new URL(t.value),c.test(n.protocol))&&n.host===r.host&&l.activeElement===s&&(d.top.location.href=t.value))}},d.addEventListener(\"message\",d.wp.receiveEmbedMessage,!1),l.addEventListener(\"DOMContentLoaded\",function(){for(var e,t,s=l.querySelectorAll(\"iframe.wp-embedded-content\"),r=0;r<s.length;r++)(t=(e=s[r]).getAttribute(\"data-secret\"))||(t=Math.random().toString(36).substring(2,12),e.src+=\"#?secret=\"+t,e.setAttribute(\"data-secret\",t)),e.contentWindow.postMessage({message:\"ready\",secret:t},\"*\")},!1)))}(window,document);\n\/\/# sourceURL=https:\/\/www.farmaindustria.es\/web\/wp-includes\/js\/wp-embed.min.js\n\/* ]]> *\/\n<\/script>\n","description":"Farmaindustria particip\u00f3 el pasado viernes, d\u00eda 14, en el acto de apertura del curso acad\u00e9mico 2016-17 del Centro de Estudios Superiores de la Industria Farmac\u00e9utica (Cesif). Celebrado en la Facultad de Medicina de la Universidad Complutense, de Madrid, el multitudinario encuentro sirvi\u00f3 tambi\u00e9n para entregar los diplomas a nuevos postgraduados en los diferentes cursos organizados &hellip;","thumbnail_url":"https:\/\/www.farmaindustria.es\/web\/wp-content\/uploads\/sites\/2\/2014\/03\/logo-farmaindustria.png","thumbnail_width":200,"thumbnail_height":200}

Inauguración del curso académico de CESIF - FarmaIndustria

<blockquote class="wp-embedded-content" data-secret="nqRICTEz9r"><a href="https://www.farmaindustria.es/web/otra-noticia/inauguracion-del-curso-academico-cesif/">Inauguración del curso académico de CESIF</a></blockquote><iframe sandbox="allow-scripts" security="restricted" src="https://www.farmaindustria.es/web/otra-noticia/inauguracion-del-curso-academico-cesif/embed/#?secret=nqRICTEz9r" width="600" height="338" title="«Inauguración del curso académico de CESIF» — FarmaIndustria" data-secret="nqRICTEz9r" frameborder="0" marginwidth="0" marginheight="0" scrolling="no" class="wp-embedded-content"></iframe><script type="text/javascript">
/* <![CDATA[ */
/*! This file is auto-generated */
!function(d,l){"use strict";l.querySelector&&d.addEventListener&&"undefined"!=typeof URL&&(d.wp=d.wp||{},d.wp.receiveEmbedMessage||(d.wp.receiveEmbedMessage=function(e){var t=e.data;if((t||t.secret||t.message||t.value)&&!/[^a-zA-Z0-9]/.test(t.secret)){for(var s,r,n,a=l.querySelectorAll('iframe[data-secret="'+t.secret+'"]'),o=l.querySelectorAll('blockquote[data-secret="'+t.secret+'"]'),c=new RegExp("^https?:$","i"),i=0;i<o.length;i++)o[i].style.display="none";for(i=0;i<a.length;i++)s=a[i],e.source===s.contentWindow&&(s.removeAttribute("style"),"height"===t.message?(1e3<(r=parseInt(t.value,10))?r=1e3:~~r<200&&(r=200),s.height=r):"link"===t.message&&(r=new URL(s.getAttribute("src")),n=new URL(t.value),c.test(n.protocol))&&n.host===r.host&&l.activeElement===s&&(d.top.location.href=t.value))}},d.addEventListener("message",d.wp.receiveEmbedMessage,!1),l.addEventListener("DOMContentLoaded",function(){for(var e,t,s=l.querySelectorAll("iframe.wp-embedded-content"),r=0;r<s.length;r++)(t=(e=s[r]).getAttribute("data-secret"))||(t=Math.random().toString(36).substring(2,12),e.src+="#?secret="+t,e.setAttribute("data-secret",t)),e.contentWindow.postMessage({message:"ready",secret:t},"*")},!1)))}(window,document);
//# sourceURL=https://www.farmaindustria.es/web/wp-includes/js/wp-embed.min.js
/* ]]> */
</script>

Farmaindustria participó el pasado viernes, día 14, en el acto de apertura del curso académico 2016-17 del Centro de Estudios Superiores de la Industria Farmacéutica (Cesif). Celebrado en la Facultad de Medicina de la Universidad Complutense, de Madrid, el multitudinario encuentro sirvió también para entregar los diplomas a nuevos postgraduados en los diferentes cursos organizados &hellip;
