{"id":185,"date":"2013-12-02T18:27:38","date_gmt":"2013-12-02T17:27:38","guid":{"rendered":"https:\/\/www.farmaindustria.es\/web\/?page_id=185"},"modified":"2018-11-16T14:30:12","modified_gmt":"2018-11-16T13:30:12","slug":"politica-de-privacidad","status":"publish","type":"page","link":"https:\/\/www.farmaindustria.es\/web\/politica-de-privacidad\/","title":{"rendered":"Pol\u00edtica de Privacidad"},"content":{"rendered":"<p>Al navegar por la p\u00e1gina web <u>https:\/\/www.farmaindustria.es<\/u> (el \u201cSitio Web\u201d) o al registrarse en alguno de los formularios que puedan estar dispuestos a tales efectos el Usuario acepta la presente Pol\u00edtica de Privacidad.<\/p>\n<p>&nbsp;<\/p>\n<h2><strong>\u00bfQUI\u00c9N ES EL RESPONSABLE DEL TRATAMIENTO DE SUS DATOS?<\/strong><\/h2>\n<p>Los datos identificativos del Responsable y del Coordinador de protecci\u00f3n de datos son los siguientes:<\/p>\n<table class=\"table\">\n<tbody>\n<tr>\n<td><strong>Denominaci\u00f3n social <\/strong><\/td>\n<td>Asociaci\u00f3n Nacional Empresarial de la Industria Farmac\u00e9utica \u00abFarmaindustria\u00bb<\/td>\n<\/tr>\n<tr>\n<td><strong>Domicilio social <\/strong><\/td>\n<td>Calle Mar\u00eda de Molina, 54, 7\u00aa,\u00a028006, Madrid, Espa\u00f1a<\/td>\n<\/tr>\n<tr>\n<td><strong>CIF<\/strong><\/td>\n<td>G-28663011<\/td>\n<\/tr>\n<tr>\n<td><strong>Tel\u00e9fono de contacto<\/strong><\/td>\n<td>915159350<\/td>\n<\/tr>\n<tr>\n<td><strong>Correo electr\u00f3nico de contacto <\/strong><\/td>\n<td><a href=\"mailto:farmaindustria@farmaindustria.es\">farmaindustria@farmaindustria.es<\/a><\/td>\n<\/tr>\n<tr>\n<td><strong>Informaci\u00f3n Registral<\/strong><\/td>\n<td>Registro de la Direcci\u00f3n General de Empleo del Ministerio de Empleo y Seguridad Social, con Dep\u00f3sito n\u00famero 582<\/td>\n<\/tr>\n<\/tbody>\n<\/table>\n<p>&nbsp;<\/p>\n<p>Para contactar con el Coordinador de Protecci\u00f3n de Datos puede dirigir un correo electr\u00f3nico a la siguiente direcci\u00f3n <a href=\"mailto:derechosdatos@farmaindustria.es\">derechosdatos@farmaindustria.es<\/a><\/p>\n<p>&nbsp;<\/p>\n<h2>2. \u00bfQU\u00c9 TIPO DE DATOS SON RECABADOS POR FARMAINDUSTRIA Y CU\u00c1LES SON LAS FINALIDADES DEL TRATAMIENTO DE SUS DATOS?<\/h2>\n<ol>\n<li>Todos los datos de car\u00e1cter personal que pueda facilitar a trav\u00e9s del Sitio Web quedar\u00e1n incorporados a los ficheros responsabilidad de Farmaindustria que quedan inscritos el Registro de Tratamientos de Farmaindustria.<\/li>\n<li>Los datos personales consisten en informaci\u00f3n que permite identificar a personas individuales. Algunos ejemplos de datos personales son el nombre, la direcci\u00f3n postal, la direcci\u00f3n de correo electr\u00f3nico o el n\u00famero de tel\u00e9fono. Nosotros recabamos solamente la informaci\u00f3n personal que el Usuario facilita voluntariamente a trav\u00e9s de nuestro Sitio Web.<\/li>\n<li>En concreto Farmaindustria pude recabar los siguientes datos personales del Usuario solo en el caso que sean facilitados directamente por \u00e9l:\n<ul>\n<li>Comunicaciones del Usuario: cualesquiera datos particulares comunicados por el Usuario en el curso de sus comunicaciones con Farmaindustria a los efectos de realizar o resolver cualquier contacto, incidencia o reclamaci\u00f3n.<\/li>\n<li>A trav\u00e9s del apartado Zona Asociados: el Usuario podr\u00e1 facilitar sus datos de car\u00e1cter personal, el cargo y departamento en el que desempe\u00f1a su actividad profesional, el laboratorio para el que trabaja y su direcci\u00f3n de correo electr\u00f3nico.<\/li>\n<\/ul>\n<\/li>\n<li>Adicionalmente a los datos personales referidos en el apartado anterior, Farmaindustria recaba informaci\u00f3n que el Sitio Web obtiene autom\u00e1ticamente relativa a la identificaci\u00f3n de su dispositivo inform\u00e1tico, el uso del Sitio Web y sobre sus h\u00e1bitos de comportamiento. Esta informaci\u00f3n incluye datos sobre el idioma, las p\u00e1ginas o secciones del Sitio Web, palabras clave, fecha, hora, tiempo que el Usuario permanece en cierto tipo de p\u00e1ginas, que secci\u00f3n de la p\u00e1gina ha visitado e informaci\u00f3n similar relativa al uso del Sitio Web. Farmaindustria puede recabar dicha informaci\u00f3n gracias al uso de cookies. Para saber m\u00e1s puede acceder a nuestra <u>Pol\u00edtica de Cookies<\/u>.<\/li>\n<li>Farmaindustria puede enriquecer los datos de car\u00e1cter personal del Usuario con informaci\u00f3n no identificativa que haya obtenido bien por el Usuario bien por el Sitio Web, tal y como se describe anteriormente. En caso de combinaciones de datos personales con informaci\u00f3n no personal, la informaci\u00f3n combinada ser\u00e1 tratada como dato de car\u00e1cter personal durante el tiempo que se mantenga combinada.<\/li>\n<li>Cualquier dato de car\u00e1cter personal tratado por Farmaindustria podr\u00e1 ser utilizada para los siguientes fines:\n<ul>\n<li>Gestionar el correcto funcionamiento del Sitio Web y facilitar al Usuario las herramientas necesarias para el disfrute del mismo.<\/li>\n<li>Analizar, mejorar y optimizar el uso del Sitio Web.<\/li>\n<li>Facilitar informaci\u00f3n a los Usuarios de las actividad realizadas por Farmaindustria<\/li>\n<li>Resolver reclamaciones, incidencias o consultas a trav\u00e9s de canales habilitados al efecto: email y tel\u00e9fono de atenci\u00f3n.<\/li>\n<li>Elaboraci\u00f3n de perfiles de los usuarios con los datos recabados.<\/li>\n<\/ul>\n<\/li>\n<li>Si Farmaindustria proyectara el tratamiento ulterior de sus datos personales para un fin distinto a los recogidos en este apartado, se le informar\u00e1 previamente, incluyendo toda la informaci\u00f3n que sea relevante as\u00ed como las consecuencias previstas de dicho tratamiento.<\/li>\n<li>Farmaindustria conservar\u00e1 sus datos personales y podr\u00e1 tratarlos conforme a las finalidades descritas mientras no se solicite la supresi\u00f3n por el interesado. En el supuesto de baja, Farmaindustria conservar\u00e1 bloqueados los dem\u00e1s datos, conforme a las medidas de seguridad previstas legalmente, durante el plazo legal de prescripci\u00f3n de las posibles acciones legales y procedimientos administrativos que puedan iniciarse en relaci\u00f3n con Farmaindustria.<\/li>\n<\/ol>\n<p>&nbsp;<\/p>\n<h2>3. \u00bfCU\u00c1L ES LA LEGITIMACI\u00d3N PARA EL TRATAMIENTO DE SUS DATOS?<\/h2>\n<ol>\n<li>La base legal para el tratamiento de los datos personales es el inter\u00e9s l\u00e9gitimo y\/o el consentimiento tanto para la comunicaci\u00f3n de usuarios como para la zona privada.<\/li>\n<\/ol>\n<p>&nbsp;<\/p>\n<h2>4. \u00bfA QU\u00c9 DESTINATARIOS SE LES COMUNICAR\u00c1N SUS DATOS?<\/h2>\n<ol>\n<li>Sus datos personales no se ceder\u00e1n\/comunicar\u00e1n a terceros, salvo obligaci\u00f3n legal<\/li>\n<li>El portal est\u00e1 alojado en una empresa externa con la que se ha llegado a un acuerdo de confidencialidad. Dicho acuerdo no le permite acceder o explotar los datos de car\u00e1cter personal de los usuarios que por \u00e9l naveguen.<\/li>\n<li>Todas las comunicaciones de datos que pudieran realizarse siempre se llevar\u00e1n a cabo cumpliendo con lo establecido en la normativa vigente en materia de protecci\u00f3n de datos y, en particular, en el Reglamento UE 2016\/679 del parlamento europeo y del consejo de 27 de abril de 2016 relativo a la protecci\u00f3n de las personas f\u00edsicas en lo que respecta al tratamiento de datos personales y a la libre circulaci\u00f3n de estos datos (\u201cReglamento UE\u201d).<\/li>\n<li>Farmaindustria podr\u00e1 revelar informaci\u00f3n personal del Usuario a las administraciones p\u00fablicas cuando \u00e9sta le sea requerida y cuando dicha informaci\u00f3n sea exigible por aquellas conforme a la legislaci\u00f3n vigente.<\/li>\n<\/ol>\n<p>&nbsp;<\/p>\n<h2>5. \u00bfQu\u00e9 derechos amparan al Usuario cuando nos facilita sus datos?<\/h2>\n<ol>\n<li>En cualquier momento podr\u00e1 ejercer ante Farmaindustria sus derechos de acceso, rectificaci\u00f3n, supresi\u00f3n y oposici\u00f3n (ARSO), as\u00ed como a no ser objeto de decisiones basadas en el tratamiento automatizado de sus datos y cualesquiera otros derechos que le sean aplicables, en los t\u00e9rminos previstos en la normativa vigente.<\/li>\n<li>En caso de que el Usuario se oponga al tratamiento de sus datos, Farmaindustria dejar\u00e1 de tratar los datos, salvo por motivos leg\u00edtimos previstos en la normativa vigente o por el ejercicio o la defensa de posibles reclamaciones.<\/li>\n<li>Adem\u00e1s, el Usuario podr\u00e1 ejercitar los siguientes derechos frente a Farmaindustria:\n<ul>\n<li>El derecho al olvido permite que el Usuario de los datos pueda solicitar que \u00e9stos sean suprimidos cuando no sean veraces, excesivos o hayan quedado obsoletos.<\/li>\n<li>El derecho a la portabilidad permite que el Usuario pueda solicitar una copia de todos los datos que Farmaindustria conserva sobre ellos para migrarlos a otra plataforma que haya seleccionado.<\/li>\n<li>El derecho a la limitaci\u00f3n del tratamiento permite al Usuario (i) que impugne la exactitud de los datos personales, durante un plazo que permita al responsable verificar la exactitud de los mismos o (ii) impugnar que el tratamiento sea il\u00edcito y el Usuario se oponga a la supresi\u00f3n de los datos personales y solicite en su lugar la limitaci\u00f3n de su uso, en cuyo caso Farmaindustria s\u00f3lo conservar\u00e1 los datos personales para el ejercicio o la defensa de reclamaciones.<\/li>\n<\/ul>\n<\/li>\n<li>Igualmente, en el caso de haber prestado su consentimiento para alguna finalidad de tratamiento, le informamos de su derecho a retirarlo en cualquier momento en la direcci\u00f3n de correo electr\u00f3nico antes referida. Asimismo, cuando proceda, tiene derecho a presentar una reclamaci\u00f3n ante la <a href=\"http:\/\/www.aepd.es\">Agencia Espa\u00f1ola de Protecci\u00f3n de Datos<\/a> (<a href=\"http:\/\/www.aepd.es\">http:\/\/www.aepd.es<\/a>).<\/li>\n<li>Para el ejercicio de cualesquiera de los derechos descritos, el Usuario deber\u00e1 contactar con Farmaindustria a trav\u00e9s de la siguiente direcci\u00f3n de correo electr\u00f3nico <a href=\"mailto:derechosdatos@farmaindustria.es\">derechosdatos@farmaindustria.es<\/a> incluyendo como asunto del email \u201cProtecci\u00f3n de datos\u201d e indicando en el contenido del email el concreto derecho que desea ejercitar.<\/li>\n<\/ol>\n<p>&nbsp;<\/p>\n<h2>6. INFORMACI\u00d3N ADICIONAL:<\/h2>\n<h3>6.1 \u00bfQu\u00e9 es la calidad de los datos?<\/h3>\n<p>El Usuario garantiza frente a Farmaindustria as\u00ed como frente a terceros, la calidad de la informaci\u00f3n proporcionada, es decir, que los datos e informaci\u00f3n facilitada es real, veraz, actualizada y adem\u00e1s le pertenece al Usuario y no a terceras personas. Por ello, mediante la entrega de sus datos personales a Farmaindustria, as\u00ed como a aquellos otros que decida publicar en su cuenta, garantiza y se responsabiliza tanto frente a Farmaindustria como frente a terceros que sus datos son ciertos y cumplen dicho principio de calidad.<\/p>\n<p>En todo caso, queda prohibido el suministro de datos falsos o desactualizados. El Usuario deber\u00e1 identificarse siempre con su nombre real y con datos veraces y actuales. Desde Farmaindustria nos reservamos el derecho a verificar esta informaci\u00f3n en cualquier momento requiri\u00e9ndole un documento oficial acreditativo de identidad.<\/p>\n<p>Le rogamos que comunique inmediatamente a Farmaindustria cualquier modificaci\u00f3n de sus datos de car\u00e1cter personal para que la informaci\u00f3n que contienen los ficheros est\u00e9 siempre actualizada y no contenga errores.<\/p>\n<h3>6.2 \u00bfQu\u00e9 sucede con los enlaces de terceros?<\/h3>\n<p>La presente Pol\u00edtica de Privacidad, se refiere \u00fanicamente al Sitio Web, y no se aplica a los enlaces o a las p\u00e1ginas web de terceros accesibles a trav\u00e9s del propio Sitio Web.<\/p>\n<p>Los destinos de dichos enlaces no est\u00e1n bajo el control exclusivamente de Farmaindustria, y \u00e9sta no es responsable del contenido de todas las p\u00e1ginas web de destino de un enlace, ni de ning\u00fan enlace incluido en una p\u00e1gina web a la que se llegue desde el Sitio Web, ni de ning\u00fan cambio o actualizaci\u00f3n de dichas p\u00e1ginas. Estos enlaces se proporcionan \u00fanicamente para informar al Usuario sobre la existencia de otras fuentes de informaci\u00f3n sobre un tema concreto, y la inclusi\u00f3n de un enlace no implica la aprobaci\u00f3n de la p\u00e1gina web enlazada por parte de Farmaindustria. Por todo ello, le recomendamos que lea y revise cuidadosamente la pol\u00edtica de privacidad de cada sitio web que visite.<\/p>\n<h3>6.3 \u00bfQu\u00e9 medidas de seguridad implementa Farmaindustria para garantizar la integridad de sus datos?<\/h3>\n<p>Farmaindustria se preocupa por garantizar la seguridad y confidencialidad de sus datos e informaci\u00f3n personal. Por eso, hemos adoptado numerosas medidas de seguridad y medios t\u00e9cnicos para evitar su p\u00e9rdida, mal uso o el acceso a \u00e9stos sin su autorizaci\u00f3n.<\/p>\n<p>No obstante lo anterior, tambi\u00e9n le corresponde al Usuario controlar su informaci\u00f3n personal y por eso le pedimos y recomendamos que sea cuidadoso con la informaci\u00f3n y contenido que comparte y con qui\u00e9n lo hace. Farmaindustria no controlar\u00e1 el contenido e informaci\u00f3n que decida compartir con otros Usuarios y, por tanto, no nos hacemos responsables de las consecuencias de sus propias acciones.<\/p>\n<p>Desde Farmaindustria nos comprometemos a actuar con rapidez y responsabilidad en el caso de que la seguridad de sus datos pueda estar en peligro, y a informarle de ello si fuese relevante con la mayor diligencia.<\/p>\n<p>En el supuesto caso de que se produzca una brecha de seguridad, Farmaindustria se compromete a comunicar a la Agencia Espa\u00f1ola de Protecci\u00f3n de Datos en el plazo de 72 horas lo sucedido desde el momento en que tenga conocimiento de ello. Asimismo, si la brecha atentara gravemente contra los derechos y libertades de los Usuarios, Farmaindustria proceder\u00eda a comunicarles igualmente lo sucedido indicando las medidas que ha llevado a cabo para minimizar los riegos y los posibles da\u00f1os.<\/p>\n<h3>6.4 \u00bfPuede entregar sus datos un menor de edad a Farmaindustria?<\/h3>\n<p>Los menores de catorce a\u00f1os que entreguen a Farmaindustria sus datos de car\u00e1cter personal deber\u00e1n contar con una autorizaci\u00f3n de sus padres o tutores legales. Farmaindustria se reserva el derecho de realizar las comprobaciones pertinentes para asegurarse que no se vulnera la legislaci\u00f3n en materia de protecci\u00f3n de datos.<\/p>\n<h3>6.5 \u00bfLa presente Pol\u00edtica de Privacidad puede ser modificada?<\/h3>\n<p>S\u00ed. Farmaindustria se reserva el derecho de modificar o reemplazar unilateralmente lo establecido en la presente Pol\u00edtica de Privacidad. Si el Usuario contin\u00faa utilizando el Sitio Web una vez se hayan modificado los t\u00e9rminos de la misma, entendemos que el Usuario acepta la nueva pol\u00edtica de privacidad.<\/p>\n<p>Le rogamos que revise peri\u00f3dicamente este documento para comprobar los posibles cambios. Si el Usuario no est\u00e1 de acuerdo con lo establecido en la nueva Pol\u00edtica de Privacidad, debe dejar de usar el Sitio Web de forma inmediata.<\/p>\n","protected":false},"excerpt":{"rendered":"<p>Al navegar por la p\u00e1gina web https:\/\/www.farmaindustria.es (el \u201cSitio Web\u201d) o al registrarse en alguno de los formularios que puedan estar dispuestos a tales efectos el Usuario acepta la presente Pol\u00edtica de Privacidad. &nbsp; \u00bfQUI\u00c9N ES EL RESPONSABLE DEL TRATAMIENTO DE SUS DATOS? Los datos identificativos del Responsable y del Coordinador de protecci\u00f3n de datos  <a href=\"https:\/\/www.farmaindustria.es\/web\/politica-de-privacidad\/\" class=\"read-more\">&hellip;<\/a><\/p>\n","protected":false},"author":12,"featured_media":0,"parent":0,"menu_order":230,"comment_status":"open","ping_status":"closed","template":"page-nosidebar.php","meta":{"_acf_changed":false,"footnotes":""},"class_list":["post-185","page","type-page","status-publish","hentry"],"acf":[],"yoast_head":"<!-- This site is optimized with the Yoast SEO plugin v27.2 - https:\/\/yoast.com\/product\/yoast-seo-wordpress\/ -->\n<title>Pol\u00edtica de Privacidad - FarmaIndustria<\/title>\n<meta name=\"robots\" content=\"index, follow, max-snippet:-1, max-image-preview:large, max-video-preview:-1\" \/>\n<link rel=\"canonical\" href=\"https:\/\/www.farmaindustria.es\/web\/politica-de-privacidad\/\" \/>\n<meta property=\"og:locale\" content=\"es_ES\" \/>\n<meta property=\"og:type\" content=\"article\" \/>\n<meta property=\"og:title\" content=\"Pol\u00edtica de Privacidad - FarmaIndustria\" \/>\n<meta property=\"og:description\" content=\"Al navegar por la p\u00e1gina web https:\/\/www.farmaindustria.es (el \u201cSitio Web\u201d) o al registrarse en alguno de los formularios que puedan estar dispuestos a tales efectos el Usuario acepta la presente Pol\u00edtica de Privacidad. &nbsp; \u00bfQUI\u00c9N ES EL RESPONSABLE DEL TRATAMIENTO DE SUS DATOS? Los datos identificativos del Responsable y del Coordinador de protecci\u00f3n de datos &hellip;\" \/>\n<meta property=\"og:url\" content=\"https:\/\/www.farmaindustria.es\/web\/politica-de-privacidad\/\" \/>\n<meta property=\"og:site_name\" content=\"FarmaIndustria\" \/>\n<meta property=\"article:publisher\" content=\"https:\/\/www.facebook.com\/pages\/Farmaindustria\/730634013647836?ref=hl\" \/>\n<meta property=\"article:modified_time\" content=\"2018-11-16T13:30:12+00:00\" \/>\n<meta property=\"og:image\" content=\"https:\/\/www.farmaindustria.es\/web\/wp-content\/uploads\/sites\/2\/2014\/03\/logo-farmaindustria.png\" \/>\n\t<meta property=\"og:image:width\" content=\"200\" \/>\n\t<meta property=\"og:image:height\" content=\"200\" \/>\n\t<meta property=\"og:image:type\" content=\"image\/png\" \/>\n<meta name=\"twitter:card\" content=\"summary_large_image\" \/>\n<meta name=\"twitter:site\" content=\"@FarmaIndustria\" \/>\n<meta name=\"twitter:label1\" content=\"Tiempo de lectura\" \/>\n\t<meta name=\"twitter:data1\" content=\"10 minutos\" \/>\n<script type=\"application\/ld+json\" class=\"yoast-schema-graph\">{\"@context\":\"https:\/\/schema.org\",\"@graph\":[{\"@type\":\"WebPage\",\"@id\":\"https:\/\/www.farmaindustria.es\/web\/politica-de-privacidad\/\",\"url\":\"https:\/\/www.farmaindustria.es\/web\/politica-de-privacidad\/\",\"name\":\"Pol\u00edtica de Privacidad - FarmaIndustria\",\"isPartOf\":{\"@id\":\"https:\/\/www.farmaindustria.es\/web\/#website\"},\"datePublished\":\"2013-12-02T17:27:38+00:00\",\"dateModified\":\"2018-11-16T13:30:12+00:00\",\"breadcrumb\":{\"@id\":\"https:\/\/www.farmaindustria.es\/web\/politica-de-privacidad\/#breadcrumb\"},\"inLanguage\":\"es\",\"potentialAction\":[{\"@type\":\"ReadAction\",\"target\":[\"https:\/\/www.farmaindustria.es\/web\/politica-de-privacidad\/\"]}]},{\"@type\":\"BreadcrumbList\",\"@id\":\"https:\/\/www.farmaindustria.es\/web\/politica-de-privacidad\/#breadcrumb\",\"itemListElement\":[{\"@type\":\"ListItem\",\"position\":1,\"name\":\"Portada\",\"item\":\"https:\/\/www.farmaindustria.es\/web\/\"},{\"@type\":\"ListItem\",\"position\":2,\"name\":\"Pol\u00edtica de Privacidad\"}]},{\"@type\":\"WebSite\",\"@id\":\"https:\/\/www.farmaindustria.es\/web\/#website\",\"url\":\"https:\/\/www.farmaindustria.es\/web\/\",\"name\":\"FarmaIndustria\",\"description\":\"\",\"potentialAction\":[{\"@type\":\"SearchAction\",\"target\":{\"@type\":\"EntryPoint\",\"urlTemplate\":\"https:\/\/www.farmaindustria.es\/web\/?s={search_term_string}\"},\"query-input\":{\"@type\":\"PropertyValueSpecification\",\"valueRequired\":true,\"valueName\":\"search_term_string\"}}],\"inLanguage\":\"es\"}]}<\/script>\n<!-- \/ Yoast SEO plugin. -->","yoast_head_json":{"title":"Pol\u00edtica de Privacidad - FarmaIndustria","robots":{"index":"index","follow":"follow","max-snippet":"max-snippet:-1","max-image-preview":"max-image-preview:large","max-video-preview":"max-video-preview:-1"},"canonical":"https:\/\/www.farmaindustria.es\/web\/politica-de-privacidad\/","og_locale":"es_ES","og_type":"article","og_title":"Pol\u00edtica de Privacidad - FarmaIndustria","og_description":"Al navegar por la p\u00e1gina web https:\/\/www.farmaindustria.es (el \u201cSitio Web\u201d) o al registrarse en alguno de los formularios que puedan estar dispuestos a tales efectos el Usuario acepta la presente Pol\u00edtica de Privacidad. &nbsp; \u00bfQUI\u00c9N ES EL RESPONSABLE DEL TRATAMIENTO DE SUS DATOS? Los datos identificativos del Responsable y del Coordinador de protecci\u00f3n de datos &hellip;","og_url":"https:\/\/www.farmaindustria.es\/web\/politica-de-privacidad\/","og_site_name":"FarmaIndustria","article_publisher":"https:\/\/www.facebook.com\/pages\/Farmaindustria\/730634013647836?ref=hl","article_modified_time":"2018-11-16T13:30:12+00:00","og_image":[{"width":200,"height":200,"url":"https:\/\/www.farmaindustria.es\/web\/wp-content\/uploads\/sites\/2\/2014\/03\/logo-farmaindustria.png","type":"image\/png"}],"twitter_card":"summary_large_image","twitter_site":"@FarmaIndustria","twitter_misc":{"Tiempo de lectura":"10 minutos"},"schema":{"@context":"https:\/\/schema.org","@graph":[{"@type":"WebPage","@id":"https:\/\/www.farmaindustria.es\/web\/politica-de-privacidad\/","url":"https:\/\/www.farmaindustria.es\/web\/politica-de-privacidad\/","name":"Pol\u00edtica de Privacidad - FarmaIndustria","isPartOf":{"@id":"https:\/\/www.farmaindustria.es\/web\/#website"},"datePublished":"2013-12-02T17:27:38+00:00","dateModified":"2018-11-16T13:30:12+00:00","breadcrumb":{"@id":"https:\/\/www.farmaindustria.es\/web\/politica-de-privacidad\/#breadcrumb"},"inLanguage":"es","potentialAction":[{"@type":"ReadAction","target":["https:\/\/www.farmaindustria.es\/web\/politica-de-privacidad\/"]}]},{"@type":"BreadcrumbList","@id":"https:\/\/www.farmaindustria.es\/web\/politica-de-privacidad\/#breadcrumb","itemListElement":[{"@type":"ListItem","position":1,"name":"Portada","item":"https:\/\/www.farmaindustria.es\/web\/"},{"@type":"ListItem","position":2,"name":"Pol\u00edtica de Privacidad"}]},{"@type":"WebSite","@id":"https:\/\/www.farmaindustria.es\/web\/#website","url":"https:\/\/www.farmaindustria.es\/web\/","name":"FarmaIndustria","description":"","potentialAction":[{"@type":"SearchAction","target":{"@type":"EntryPoint","urlTemplate":"https:\/\/www.farmaindustria.es\/web\/?s={search_term_string}"},"query-input":{"@type":"PropertyValueSpecification","valueRequired":true,"valueName":"search_term_string"}}],"inLanguage":"es"}]}},"_links":{"self":[{"href":"https:\/\/www.farmaindustria.es\/web\/wp-json\/wp\/v2\/pages\/185","targetHints":{"allow":["GET"]}}],"collection":[{"href":"https:\/\/www.farmaindustria.es\/web\/wp-json\/wp\/v2\/pages"}],"about":[{"href":"https:\/\/www.farmaindustria.es\/web\/wp-json\/wp\/v2\/types\/page"}],"author":[{"embeddable":true,"href":"https:\/\/www.farmaindustria.es\/web\/wp-json\/wp\/v2\/users\/12"}],"replies":[{"embeddable":true,"href":"https:\/\/www.farmaindustria.es\/web\/wp-json\/wp\/v2\/comments?post=185"}],"version-history":[{"count":3,"href":"https:\/\/www.farmaindustria.es\/web\/wp-json\/wp\/v2\/pages\/185\/revisions"}],"predecessor-version":[{"id":7814,"href":"https:\/\/www.farmaindustria.es\/web\/wp-json\/wp\/v2\/pages\/185\/revisions\/7814"}],"wp:attachment":[{"href":"https:\/\/www.farmaindustria.es\/web\/wp-json\/wp\/v2\/media?parent=185"}],"curies":[{"name":"wp","href":"https:\/\/api.w.org\/{rel}","templated":true}]}}