{"id":19644,"date":"2024-01-15T10:43:26","date_gmt":"2024-01-15T09:43:26","guid":{"rendered":"https:\/\/www.farmaindustria.es\/web\/?page_id=19644"},"modified":"2024-01-15T10:43:27","modified_gmt":"2024-01-15T09:43:27","slug":"sistema-interno-de-informacion","status":"publish","type":"page","link":"https:\/\/www.farmaindustria.es\/web\/sistema-interno-de-informacion\/","title":{"rendered":"SISTEMA INTERNO DE INFORMACI\u00d3N"},"content":{"rendered":"\n<p>Farmaindustria dispone de un canal interno de informaci\u00f3n a trav\u00e9s del cual cualquier persona puede comunicar a la Asociaci\u00f3n cualquier acci\u00f3n u omisi\u00f3n que puedan constituir infracciones del Derecho de la Uni\u00f3n Europea, as\u00ed como acciones u omisiones que puedan ser constitutivas de infracci\u00f3n penal o administrativa grave o muy grave, de acuerdo con lo establecido en el art. 2 de la Ley 2\/2023, de 20 de febrero, cometido por un integrante de Farmaindustria o por terceros que est\u00e9n en contacto con \u00e9sta en el marco de sus actividades laborales o profesionales.<\/p>\n\n\n\n<p>El canal interno de informaci\u00f3n se encuentra integrado por las siguientes v\u00edas:<\/p>\n\n\n\n<ul class=\"wp-block-list\">\n<li>Por medio del correo electr\u00f3nico corporativo <a href=\"mailto:buzon.compliance@farmaindustria.es\">buzon.compliance@farmaindustria.es<\/a>.<\/li>\n<\/ul>\n\n\n\n<ul class=\"wp-block-list\">\n<li>Informando de forma directa al responsable del sistema interno de informaci\u00f3n, de forma verbal o escrita.<\/li>\n<\/ul>\n\n\n\n<ul class=\"wp-block-list\">\n<li>Mediante comunicaci\u00f3n dirigida al domicilio social, sito en calle Mar\u00eda de Molina, 54, 7 planta, 28006, Madrid, a la atenci\u00f3n del responsable del Sistema de Informaci\u00f3n.&nbsp;<\/li>\n\n\n\n<li>Adicionalmente, el informante podr\u00e1 solicitar al responsable del sistema la celebraci\u00f3n de una reuni\u00f3n presencial para presentar la comunicaci\u00f3n. En tal caso, la citada reuni\u00f3n deber\u00e1 celebrarse dentro del plazo m\u00e1ximo de siete d\u00edas naturales desde la solicitud.<\/li>\n<\/ul>\n\n\n\n<ul class=\"wp-block-list\">\n<li>A trav\u00e9s de cualquier otro medio, bien escrito, bien verbalmente.<\/li>\n<\/ul>\n\n\n\n<p>Las comunicaciones podr\u00e1n presentarse de forma identificada o an\u00f3nima.<\/p>\n\n\n\n<p>Tras la presentaci\u00f3n de comunicaciones a trav\u00e9s del canal interno de informaci\u00f3n de Farmaindustria, el responsable del sistema interno las analizar\u00e1 e iniciar\u00e1, si procede, el procedimiento de gesti\u00f3n, investigaci\u00f3n y respuesta de comunicaciones de Farmaindustria, que se encuentra regido por los siguientes principios: confidencialidad, imparcialidad, independencia del responsable del sistema, documentaci\u00f3n y buena fe.<\/p>\n","protected":false},"excerpt":{"rendered":"<p>Farmaindustria dispone de un canal interno de informaci\u00f3n a trav\u00e9s del cual cualquier persona puede comunicar a la Asociaci\u00f3n cualquier acci\u00f3n u omisi\u00f3n que puedan constituir infracciones del Derecho de la Uni\u00f3n Europea, as\u00ed como acciones u omisiones que puedan ser constitutivas de infracci\u00f3n penal o administrativa grave o muy grave, de acuerdo con lo  <a href=\"https:\/\/www.farmaindustria.es\/web\/sistema-interno-de-informacion\/\" class=\"read-more\">&hellip;<\/a><\/p>\n","protected":false},"author":20,"featured_media":0,"parent":0,"menu_order":0,"comment_status":"closed","ping_status":"closed","template":"page-nosidebar.php","meta":{"_acf_changed":false,"footnotes":""},"class_list":["post-19644","page","type-page","status-publish","hentry"],"acf":[],"yoast_head":"<!-- This site is optimized with the Yoast SEO plugin v27.2 - https:\/\/yoast.com\/product\/yoast-seo-wordpress\/ -->\n<title>SISTEMA INTERNO DE INFORMACI\u00d3N - FarmaIndustria<\/title>\n<meta name=\"robots\" content=\"index, follow, max-snippet:-1, max-image-preview:large, max-video-preview:-1\" \/>\n<link rel=\"canonical\" href=\"https:\/\/www.farmaindustria.es\/web\/sistema-interno-de-informacion\/\" \/>\n<meta property=\"og:locale\" content=\"es_ES\" \/>\n<meta property=\"og:type\" content=\"article\" \/>\n<meta property=\"og:title\" content=\"SISTEMA INTERNO DE INFORMACI\u00d3N - FarmaIndustria\" \/>\n<meta property=\"og:description\" content=\"Farmaindustria dispone de un canal interno de informaci\u00f3n a trav\u00e9s del cual cualquier persona puede comunicar a la Asociaci\u00f3n cualquier acci\u00f3n u omisi\u00f3n que puedan constituir infracciones del Derecho de la Uni\u00f3n Europea, as\u00ed como acciones u omisiones que puedan ser constitutivas de infracci\u00f3n penal o administrativa grave o muy grave, de acuerdo con lo &hellip;\" \/>\n<meta property=\"og:url\" content=\"https:\/\/www.farmaindustria.es\/web\/sistema-interno-de-informacion\/\" \/>\n<meta property=\"og:site_name\" content=\"FarmaIndustria\" \/>\n<meta property=\"article:publisher\" content=\"https:\/\/www.facebook.com\/pages\/Farmaindustria\/730634013647836?ref=hl\" \/>\n<meta property=\"article:modified_time\" content=\"2024-01-15T09:43:27+00:00\" \/>\n<meta property=\"og:image\" content=\"https:\/\/www.farmaindustria.es\/web\/wp-content\/uploads\/sites\/2\/2014\/03\/logo-farmaindustria.png\" \/>\n\t<meta property=\"og:image:width\" content=\"200\" \/>\n\t<meta property=\"og:image:height\" content=\"200\" \/>\n\t<meta property=\"og:image:type\" content=\"image\/png\" \/>\n<meta name=\"twitter:card\" content=\"summary_large_image\" \/>\n<meta name=\"twitter:site\" content=\"@FarmaIndustria\" \/>\n<meta name=\"twitter:label1\" content=\"Tiempo de lectura\" \/>\n\t<meta name=\"twitter:data1\" content=\"2 minutos\" \/>\n<script type=\"application\/ld+json\" class=\"yoast-schema-graph\">{\"@context\":\"https:\/\/schema.org\",\"@graph\":[{\"@type\":\"WebPage\",\"@id\":\"https:\/\/www.farmaindustria.es\/web\/sistema-interno-de-informacion\/\",\"url\":\"https:\/\/www.farmaindustria.es\/web\/sistema-interno-de-informacion\/\",\"name\":\"SISTEMA INTERNO DE INFORMACI\u00d3N - FarmaIndustria\",\"isPartOf\":{\"@id\":\"https:\/\/www.farmaindustria.es\/web\/#website\"},\"datePublished\":\"2024-01-15T09:43:26+00:00\",\"dateModified\":\"2024-01-15T09:43:27+00:00\",\"breadcrumb\":{\"@id\":\"https:\/\/www.farmaindustria.es\/web\/sistema-interno-de-informacion\/#breadcrumb\"},\"inLanguage\":\"es\",\"potentialAction\":[{\"@type\":\"ReadAction\",\"target\":[\"https:\/\/www.farmaindustria.es\/web\/sistema-interno-de-informacion\/\"]}]},{\"@type\":\"BreadcrumbList\",\"@id\":\"https:\/\/www.farmaindustria.es\/web\/sistema-interno-de-informacion\/#breadcrumb\",\"itemListElement\":[{\"@type\":\"ListItem\",\"position\":1,\"name\":\"Portada\",\"item\":\"https:\/\/www.farmaindustria.es\/web\/\"},{\"@type\":\"ListItem\",\"position\":2,\"name\":\"SISTEMA INTERNO DE INFORMACI\u00d3N\"}]},{\"@type\":\"WebSite\",\"@id\":\"https:\/\/www.farmaindustria.es\/web\/#website\",\"url\":\"https:\/\/www.farmaindustria.es\/web\/\",\"name\":\"FarmaIndustria\",\"description\":\"\",\"potentialAction\":[{\"@type\":\"SearchAction\",\"target\":{\"@type\":\"EntryPoint\",\"urlTemplate\":\"https:\/\/www.farmaindustria.es\/web\/?s={search_term_string}\"},\"query-input\":{\"@type\":\"PropertyValueSpecification\",\"valueRequired\":true,\"valueName\":\"search_term_string\"}}],\"inLanguage\":\"es\"}]}<\/script>\n<!-- \/ Yoast SEO plugin. -->","yoast_head_json":{"title":"SISTEMA INTERNO DE INFORMACI\u00d3N - FarmaIndustria","robots":{"index":"index","follow":"follow","max-snippet":"max-snippet:-1","max-image-preview":"max-image-preview:large","max-video-preview":"max-video-preview:-1"},"canonical":"https:\/\/www.farmaindustria.es\/web\/sistema-interno-de-informacion\/","og_locale":"es_ES","og_type":"article","og_title":"SISTEMA INTERNO DE INFORMACI\u00d3N - FarmaIndustria","og_description":"Farmaindustria dispone de un canal interno de informaci\u00f3n a trav\u00e9s del cual cualquier persona puede comunicar a la Asociaci\u00f3n cualquier acci\u00f3n u omisi\u00f3n que puedan constituir infracciones del Derecho de la Uni\u00f3n Europea, as\u00ed como acciones u omisiones que puedan ser constitutivas de infracci\u00f3n penal o administrativa grave o muy grave, de acuerdo con lo &hellip;","og_url":"https:\/\/www.farmaindustria.es\/web\/sistema-interno-de-informacion\/","og_site_name":"FarmaIndustria","article_publisher":"https:\/\/www.facebook.com\/pages\/Farmaindustria\/730634013647836?ref=hl","article_modified_time":"2024-01-15T09:43:27+00:00","og_image":[{"width":200,"height":200,"url":"https:\/\/www.farmaindustria.es\/web\/wp-content\/uploads\/sites\/2\/2014\/03\/logo-farmaindustria.png","type":"image\/png"}],"twitter_card":"summary_large_image","twitter_site":"@FarmaIndustria","twitter_misc":{"Tiempo de lectura":"2 minutos"},"schema":{"@context":"https:\/\/schema.org","@graph":[{"@type":"WebPage","@id":"https:\/\/www.farmaindustria.es\/web\/sistema-interno-de-informacion\/","url":"https:\/\/www.farmaindustria.es\/web\/sistema-interno-de-informacion\/","name":"SISTEMA INTERNO DE INFORMACI\u00d3N - FarmaIndustria","isPartOf":{"@id":"https:\/\/www.farmaindustria.es\/web\/#website"},"datePublished":"2024-01-15T09:43:26+00:00","dateModified":"2024-01-15T09:43:27+00:00","breadcrumb":{"@id":"https:\/\/www.farmaindustria.es\/web\/sistema-interno-de-informacion\/#breadcrumb"},"inLanguage":"es","potentialAction":[{"@type":"ReadAction","target":["https:\/\/www.farmaindustria.es\/web\/sistema-interno-de-informacion\/"]}]},{"@type":"BreadcrumbList","@id":"https:\/\/www.farmaindustria.es\/web\/sistema-interno-de-informacion\/#breadcrumb","itemListElement":[{"@type":"ListItem","position":1,"name":"Portada","item":"https:\/\/www.farmaindustria.es\/web\/"},{"@type":"ListItem","position":2,"name":"SISTEMA INTERNO DE INFORMACI\u00d3N"}]},{"@type":"WebSite","@id":"https:\/\/www.farmaindustria.es\/web\/#website","url":"https:\/\/www.farmaindustria.es\/web\/","name":"FarmaIndustria","description":"","potentialAction":[{"@type":"SearchAction","target":{"@type":"EntryPoint","urlTemplate":"https:\/\/www.farmaindustria.es\/web\/?s={search_term_string}"},"query-input":{"@type":"PropertyValueSpecification","valueRequired":true,"valueName":"search_term_string"}}],"inLanguage":"es"}]}},"_links":{"self":[{"href":"https:\/\/www.farmaindustria.es\/web\/wp-json\/wp\/v2\/pages\/19644","targetHints":{"allow":["GET"]}}],"collection":[{"href":"https:\/\/www.farmaindustria.es\/web\/wp-json\/wp\/v2\/pages"}],"about":[{"href":"https:\/\/www.farmaindustria.es\/web\/wp-json\/wp\/v2\/types\/page"}],"author":[{"embeddable":true,"href":"https:\/\/www.farmaindustria.es\/web\/wp-json\/wp\/v2\/users\/20"}],"replies":[{"embeddable":true,"href":"https:\/\/www.farmaindustria.es\/web\/wp-json\/wp\/v2\/comments?post=19644"}],"version-history":[{"count":2,"href":"https:\/\/www.farmaindustria.es\/web\/wp-json\/wp\/v2\/pages\/19644\/revisions"}],"predecessor-version":[{"id":19646,"href":"https:\/\/www.farmaindustria.es\/web\/wp-json\/wp\/v2\/pages\/19644\/revisions\/19646"}],"wp:attachment":[{"href":"https:\/\/www.farmaindustria.es\/web\/wp-json\/wp\/v2\/media?parent=19644"}],"curies":[{"name":"wp","href":"https:\/\/api.w.org\/{rel}","templated":true}]}}