{"id":2316,"date":"2014-02-04T13:35:59","date_gmt":"2014-02-04T12:35:59","guid":{"rendered":"https:\/\/www.farmaindustria.es\/web\/?page_id=2316"},"modified":"2024-12-10T13:15:06","modified_gmt":"2024-12-10T12:15:06","slug":"organos-de-gobierno","status":"publish","type":"page","link":"https:\/\/www.farmaindustria.es\/web\/organos-de-gobierno\/","title":{"rendered":"\u00d3rganos de gobierno"},"content":{"rendered":"<div class=\"page-description\"><div class=\"page-desc-content page-desc-content-no-minh\">La <strong>Asamblea General<\/strong> constituida por todos los miembros de la Asociaci\u00f3n es el \u00f3rgano supremo de gobierno, a trav\u00e9s del cual se expresa la voluntad colectiva de los asociados.<\/p>\n<p>El Gobierno de la Asociaci\u00f3n corresponde a la <strong>Junta Directiva<\/strong>, que est\u00e1 compuesta por el Presidente de la Asociaci\u00f3n y 35 representantes de empresas asociadas, y a un <strong>Consejo de Gobierno<\/strong>, constituido por el 24 miembros designados por la Junta Directiva. La composici\u00f3n de ambos \u00f3rganos de gobierno es la siguiente:<\/div><\/div>\n<div class=\"organos-gobierno\"><h2>Consejo de Gobierno<\/h2>\r\n\r\n\t<h3>Presidente<\/h3>\r\n\r\n\t<div class=\"row presidente\">\r\n\t\t<div class=\"col-xs-12 col-sm-3 col-md-3 col-lg-3\">\r\n\t\t\t<img loading=\"lazy\" decoding=\"async\" width=\"246\" height=\"152\" src=\"https:\/\/www.farmaindustria.es\/web\/wp-content\/uploads\/sites\/2\/2024\/10\/2024-10-17_FINA-LLADOS_004-246x152.jpg\" class=\"img-fluid wp-post-image\" alt=\"\" srcset=\"https:\/\/www.farmaindustria.es\/web\/wp-content\/uploads\/sites\/2\/2024\/10\/2024-10-17_FINA-LLADOS_004-246x152.jpg 246w, https:\/\/www.farmaindustria.es\/web\/wp-content\/uploads\/sites\/2\/2024\/10\/2024-10-17_FINA-LLADOS_004-302x186.jpg 302w\" sizes=\"auto, (max-width: 246px) 100vw, 246px\" \/>\t\t<\/div>\r\n\t\t\r\n\t\t<div class=\"col-xs-12 col-sm-9 col-md-9 col-lg-9 mini-ficha mini-ficha-0\">\r\n\t\t\t<p><strong>Fina Llad\u00f3s<\/strong><br \/><\/p>\r\n\t\t\t<p><a href=\"https:\/\/www.farmaindustria.es\/web\/equipo-directivo\/fina-llados\/\" class=\"btn-more\">ver curriculum<\/a><\/p>\r\n\t\t<\/div>\r\n\t<\/div>\r\n\r\n\t\r\n\t<h3>Vicepresidentes<\/h3>\r\n\r\n\t<div class=\"row\">\r\n\t\t\t\t\t\t\t\t<div class=\"col-xs-12 col-sm-6 col-md-4 col-lg-4 mini-ficha mini-ficha-0\">\r\n\t\t\t\t<p><strong>D. Felipe Pastrana<\/strong><br \/> ABBVIE SPAIN, S.L.U.\r<\/p>\r\n\t\t\t<\/div>\r\n\t\t\t\t\t\t\t\t<div class=\"col-xs-12 col-sm-6 col-md-4 col-lg-4 mini-ficha mini-ficha-1\">\r\n\t\t\t\t<p><strong>D. Marco Caraglia<\/strong><br \/> ALMIRALL S.A.\r<\/p>\r\n\t\t\t<\/div>\r\n\t\t\t\t\t\t\t\t<div class=\"col-xs-12 col-sm-6 col-md-4 col-lg-4 mini-ficha mini-ficha-2\">\r\n\t\t\t\t<p><strong>D. David Solanes<\/strong><br \/> ERN, S.A., LABORATORIOS\r<\/p>\r\n\t\t\t<\/div>\r\n\t\t\t\t\t\t\t\t<div class=\"col-xs-12 col-sm-6 col-md-4 col-lg-4 mini-ficha mini-ficha-3\">\r\n\t\t\t\t<p><strong>D. Sergi Aulinas<\/strong><br \/> GEBRO PHARMA, S.A., LABORATORIOS\r<\/p>\r\n\t\t\t<\/div>\r\n\t\t\t\t\t\t\t\t<div class=\"col-xs-12 col-sm-6 col-md-4 col-lg-4 mini-ficha mini-ficha-4\">\r\n\t\t\t\t<p><strong>D\u00aa. Cristina Henr\u00edquez de Luna<\/strong><br \/> GLAXOSMITHKLINE, S.A.\r<\/p>\r\n\t\t\t<\/div>\r\n\t\t\t\t\t\t\t\t<div class=\"col-xs-12 col-sm-6 col-md-4 col-lg-4 mini-ficha mini-ficha-5\">\r\n\t\t\t\t<p><strong>D. Manuel Zafra<\/strong><br \/> MERCK \r<\/p>\r\n\t\t\t<\/div>\r\n\t\t\t\t\t\t\t\t<div class=\"col-xs-12 col-sm-6 col-md-4 col-lg-4 mini-ficha mini-ficha-6\">\r\n\t\t\t\t<p><strong>D\u00aa. Ana Argelich<\/strong><br \/> MERCK SHARP & DOHME DE ESPA\u00d1A, S.A.\r<\/p>\r\n\t\t\t<\/div>\r\n\t\t\t\t\t\t\t\t<div class=\"col-xs-12 col-sm-6 col-md-4 col-lg-4 mini-ficha mini-ficha-7\">\r\n\t\t\t\t<p><strong>D. Carlos Murillo<\/strong><br \/> PFIZER\r<\/p>\r\n\t\t\t<\/div>\r\n\t\t\t\t\t\t\t\t<div class=\"col-xs-12 col-sm-6 col-md-4 col-lg-4 mini-ficha mini-ficha-8\">\r\n\t\t\t\t<p><strong>D. Federico Plaza<\/strong><br \/> ROCHE FARMA, S.A.\r<\/p>\r\n\t\t\t<\/div>\r\n\t\t\t\t\t\t\t\t<div class=\"col-xs-12 col-sm-6 col-md-4 col-lg-4 mini-ficha mini-ficha-9\">\r\n\t\t\t\t<p><strong>D. Juan L\u00f3pez-Belmonte<\/strong><br \/> ROVI, S.A.<\/p>\r\n\t\t\t<\/div>\r\n\t\t\t\t\t\t\t\t<div class=\"col-xs-12 col-sm-6 col-md-4 col-lg-4 mini-ficha mini-ficha-10\">\r\n\t\t\t\t<p><strong>D\u00aa. Raquel Tapia<\/strong><br \/> SANOFI-AVENTIS S.A.<\/p>\r\n\t\t\t<\/div>\r\n\t\t\t<\/div>\r\n\r\n\t\r\n\t<h3>Vocales<\/h3>\r\n\r\n\t<div class=\"row\">\r\n\t\t\t\t\t\t\t\t<div class=\"col-xs-12 col-sm-6 col-md-4 col-lg-4 mini-ficha mini-ficha-0\">\r\n\t\t\t\t<p><strong>D\u00aa. Laura Col\u00f3n<\/strong><br \/> ASTRAZENECA FARMACEUTICA SPAIN, S.A.\r<\/p>\r\n\t\t\t<\/div>\r\n\t\t\t\t\t\t\t\t<div class=\"col-xs-12 col-sm-6 col-md-4 col-lg-4 mini-ficha mini-ficha-1\">\r\n\t\t\t\t<p><strong>D. Jordi S\u00e1nchez<\/strong><br \/> BAYER\r<\/p>\r\n\t\t\t<\/div>\r\n\t\t\t\t\t\t\t\t<div class=\"col-xs-12 col-sm-6 col-md-4 col-lg-4 mini-ficha mini-ficha-2\">\r\n\t\t\t\t<p><strong>D. Andr\u00e9s Rodrigo D\u00edaz<\/strong><br \/> BIOGEN SPAIN, S.L.U.\r<\/p>\r\n\t\t\t<\/div>\r\n\t\t\t\t\t\t\t\t<div class=\"col-xs-12 col-sm-6 col-md-4 col-lg-4 mini-ficha mini-ficha-3\">\r\n\t\t\t\t<p><strong>D\u00aa. Sandra Orta<\/strong><br \/> BRISTOL-MYERS SQUIBB, S.A.\r<\/p>\r\n\t\t\t<\/div>\r\n\t\t\t\t\t\t\t\t<div class=\"col-xs-12 col-sm-6 col-md-4 col-lg-4 mini-ficha mini-ficha-4\">\r\n\t\t\t\t<p><strong>D. Giuseppe Chiericatti<\/strong><br \/> CHIESI ESPA\u00d1A, S.A.U.\r<\/p>\r\n\t\t\t<\/div>\r\n\t\t\t\t\t\t\t\t<div class=\"col-xs-12 col-sm-6 col-md-4 col-lg-4 mini-ficha mini-ficha-5\">\r\n\t\t\t\t<p><strong>D. Albert Cortada Al\u00e0<\/strong><br \/> FERRER INTERNACIONAL, S.A.\r<\/p>\r\n\t\t\t<\/div>\r\n\t\t\t\t\t\t\t\t<div class=\"col-xs-12 col-sm-6 col-md-4 col-lg-4 mini-ficha mini-ficha-6\">\r\n\t\t\t\t<p><strong>D. Juan Carlos Aguilera<\/strong><br \/> FERRING, S.A.U.\r<\/p>\r\n\t\t\t<\/div>\r\n\t\t\t\t\t\t\t\t<div class=\"col-xs-12 col-sm-6 col-md-4 col-lg-4 mini-ficha mini-ficha-7\">\r\n\t\t\t\t<p><strong>D\u00aa. Mar\u00eda Fernanda Prado<\/strong><br \/> JOHNSON & JOHNSON\r<\/p>\r\n\t\t\t<\/div>\r\n\t\t\t\t\t\t\t\t<div class=\"col-xs-12 col-sm-6 col-md-4 col-lg-4 mini-ficha mini-ficha-8\">\r\n\t\t\t\t<p><strong>D. Ignacio Gonz\u00e1lez<\/strong><br \/> MENARINI\r<\/p>\r\n\t\t\t<\/div>\r\n\t\t\t\t\t\t\t\t<div class=\"col-xs-12 col-sm-6 col-md-4 col-lg-4 mini-ficha mini-ficha-9\">\r\n\t\t\t\t<p><strong>D\u00aa. Amaya Echevarr\u00eda<\/strong><br \/> NOVARTIS\r<\/p>\r\n\t\t\t<\/div>\r\n\t\t\t\t\t\t\t\t<div class=\"col-xs-12 col-sm-6 col-md-4 col-lg-4 mini-ficha mini-ficha-10\">\r\n\t\t\t\t<p><strong>D. Ignasi Biosca<\/strong><br \/> REIG JOFRE, S.A., LABORATORIO\r<\/p>\r\n\t\t\t<\/div>\r\n\t\t\t\t\t\t\t\t<div class=\"col-xs-12 col-sm-6 col-md-4 col-lg-4 mini-ficha mini-ficha-11\">\r\n\t\t\t\t<p><strong>D. Florent de Kertanguy<\/strong><br \/> SERVIER, S.L., LABORATORIOS<\/p>\r\n\t\t\t<\/div>\r\n\t\t\t<\/div>\r\n\r\n\r\n<h2>Junta directiva<\/h2>\r\n\r\n\t\r\n\t<h3>Presidente<\/h3>\r\n\r\n\t<div class=\"row\">\r\n\t\t\t\t\t\t\t\t<div class=\"col-xs-12 col-sm-6 col-md-4 col-lg-4 mini-ficha mini-ficha-0\">\r\n\t\t\t\t<p><strong> AMGEN<\/strong><br \/>D\u00aa Fina Llad\u00f3s<\/p>\r\n\t\t\t<\/div>\r\n\t\t\t<\/div>\r\n\r\n\t\r\n\t<h3>Vicepresidentes<\/h3>\r\n\r\n\t<div class=\"row\">\r\n\t\t\t\t\t\t\t\t<div class=\"col-xs-12 col-sm-6 col-md-4 col-lg-4 mini-ficha mini-ficha-0\">\r\n\t\t\t\t<p><strong> ABBVIE SPAIN, S.L.U.\r<\/strong><br \/>D. Felipe Pastrana<\/p>\r\n\t\t\t<\/div>\r\n\t\t\t\t\t\t\t\t<div class=\"col-xs-12 col-sm-6 col-md-4 col-lg-4 mini-ficha mini-ficha-1\">\r\n\t\t\t\t<p><strong> ALMIRALL S.A.\r<\/strong><br \/>D. Marco Caraglia<\/p>\r\n\t\t\t<\/div>\r\n\t\t\t\t\t\t\t\t<div class=\"col-xs-12 col-sm-6 col-md-4 col-lg-4 mini-ficha mini-ficha-2\">\r\n\t\t\t\t<p><strong> ERN, S.A., LABORATORIOS\r<\/strong><br \/>D. David Solanes<\/p>\r\n\t\t\t<\/div>\r\n\t\t\t\t\t\t\t\t<div class=\"col-xs-12 col-sm-6 col-md-4 col-lg-4 mini-ficha mini-ficha-3\">\r\n\t\t\t\t<p><strong> GEBRO PHARMA, S.A., LABORATORIOS\r<\/strong><br \/>D. Sergi Aulinas<\/p>\r\n\t\t\t<\/div>\r\n\t\t\t\t\t\t\t\t<div class=\"col-xs-12 col-sm-6 col-md-4 col-lg-4 mini-ficha mini-ficha-4\">\r\n\t\t\t\t<p><strong> GLAXOSMITHKLINE, S.A.\r<\/strong><br \/>D\u00aa. Cristina Henr\u00edquez de Luna<\/p>\r\n\t\t\t<\/div>\r\n\t\t\t\t\t\t\t\t<div class=\"col-xs-12 col-sm-6 col-md-4 col-lg-4 mini-ficha mini-ficha-5\">\r\n\t\t\t\t<p><strong> MERCK \r<\/strong><br \/>D. Manuel Zafra<\/p>\r\n\t\t\t<\/div>\r\n\t\t\t\t\t\t\t\t<div class=\"col-xs-12 col-sm-6 col-md-4 col-lg-4 mini-ficha mini-ficha-6\">\r\n\t\t\t\t<p><strong> MERCK SHARP & DOHME DE ESPA\u00d1A, S.A.\r<\/strong><br \/>D\u00aa. Ana Argelich<\/p>\r\n\t\t\t<\/div>\r\n\t\t\t\t\t\t\t\t<div class=\"col-xs-12 col-sm-6 col-md-4 col-lg-4 mini-ficha mini-ficha-7\">\r\n\t\t\t\t<p><strong> PFIZER\r<\/strong><br \/>D. Carlos Murillo<\/p>\r\n\t\t\t<\/div>\r\n\t\t\t\t\t\t\t\t<div class=\"col-xs-12 col-sm-6 col-md-4 col-lg-4 mini-ficha mini-ficha-8\">\r\n\t\t\t\t<p><strong> ROCHE FARMA, S.A.\r<\/strong><br \/>D. Federico Plaza<\/p>\r\n\t\t\t<\/div>\r\n\t\t\t\t\t\t\t\t<div class=\"col-xs-12 col-sm-6 col-md-4 col-lg-4 mini-ficha mini-ficha-9\">\r\n\t\t\t\t<p><strong> ROVI, S.A., LABORATORIOS FCOS.\r<\/strong><br \/>D. Juan L\u00f3pez-Belmonte<\/p>\r\n\t\t\t<\/div>\r\n\t\t\t\t\t\t\t\t<div class=\"col-xs-12 col-sm-6 col-md-4 col-lg-4 mini-ficha mini-ficha-10\">\r\n\t\t\t\t<p><strong> SANOFI-AVENTIS, S.A.<\/strong><br \/>D\u00aa. Raquel Tapia<\/p>\r\n\t\t\t<\/div>\r\n\t\t\t<\/div>\r\n\r\n\t\r\n\t<h3>Vocales<\/h3>\r\n\r\n\t<div class=\"row\">\r\n\t\t\t\t\t\t\t\t<div class=\"col-xs-12 col-sm-6 col-md-4 col-lg-4 mini-ficha mini-ficha-0\">\r\n\t\t\t\t<p><strong> ALMIRALL S.A.\r<\/strong><br \/>D. Marco Caraglia<\/p>\r\n\t\t\t<\/div>\r\n\t\t\t\t\t\t\t\t<div class=\"col-xs-12 col-sm-6 col-md-4 col-lg-4 mini-ficha mini-ficha-1\">\r\n\t\t\t\t<p><strong> ASTRAZENECA FARMACEUTICA SPAIN, S.A.\r<\/strong><br \/>D\u00aa. Laura Col\u00f3n<\/p>\r\n\t\t\t<\/div>\r\n\t\t\t\t\t\t\t\t<div class=\"col-xs-12 col-sm-6 col-md-4 col-lg-4 mini-ficha mini-ficha-2\">\r\n\t\t\t\t<p><strong> BAYER\r<\/strong><br \/>D. Jordi S\u00e1nchez<\/p>\r\n\t\t\t<\/div>\r\n\t\t\t\t\t\t\t\t<div class=\"col-xs-12 col-sm-6 col-md-4 col-lg-4 mini-ficha mini-ficha-3\">\r\n\t\t\t\t<p><strong> BIAL LABORATORIOS\r<\/strong><br \/>D\u00aa. Ana \u00c1lvarez<\/p>\r\n\t\t\t<\/div>\r\n\t\t\t\t\t\t\t\t<div class=\"col-xs-12 col-sm-6 col-md-4 col-lg-4 mini-ficha mini-ficha-4\">\r\n\t\t\t\t<p><strong> BIOGEN SPAIN, S.L.U.\r<\/strong><br \/>D. Andr\u00e9s Rodrigo D\u00edaz<\/p>\r\n\t\t\t<\/div>\r\n\t\t\t\t\t\t\t\t<div class=\"col-xs-12 col-sm-6 col-md-4 col-lg-4 mini-ficha mini-ficha-5\">\r\n\t\t\t\t<p><strong> BRISTOL-MYERS SQUIBB, S.A.\r<\/strong><br \/>D\u00aa. Sandra Orta<\/p>\r\n\t\t\t<\/div>\r\n\t\t\t\t\t\t\t\t<div class=\"col-xs-12 col-sm-6 col-md-4 col-lg-4 mini-ficha mini-ficha-6\">\r\n\t\t\t\t<p><strong> CHIESI ESPA\u00d1A, S.A.U.\r<\/strong><br \/>D. Giuseppe Chiericatti<\/p>\r\n\t\t\t<\/div>\r\n\t\t\t\t\t\t\t\t<div class=\"col-xs-12 col-sm-6 col-md-4 col-lg-4 mini-ficha mini-ficha-7\">\r\n\t\t\t\t<p><strong> DAIICHI SANKYO ESPA\u00d1A, S.A.U.\r<\/strong><br \/>D\u00aa. Ana Zubeldia<\/p>\r\n\t\t\t<\/div>\r\n\t\t\t\t\t\t\t\t<div class=\"col-xs-12 col-sm-6 col-md-4 col-lg-4 mini-ficha mini-ficha-8\">\r\n\t\t\t\t<p><strong> ESTEVE PHARMACEUTICALS, S.A.\r<\/strong><br \/>D. Gustavo Rodrigo Bonilla<\/p>\r\n\t\t\t<\/div>\r\n\t\t\t\t\t\t\t\t<div class=\"col-xs-12 col-sm-6 col-md-4 col-lg-4 mini-ficha mini-ficha-9\">\r\n\t\t\t\t<p><strong> FAES FARMA\r<\/strong><br \/>D\u00aa. Esther Mosquera<\/p>\r\n\t\t\t<\/div>\r\n\t\t\t\t\t\t\t\t<div class=\"col-xs-12 col-sm-6 col-md-4 col-lg-4 mini-ficha mini-ficha-10\">\r\n\t\t\t\t<p><strong> FARMASIERRA\r<\/strong><br \/>D. Tom\u00e1s Olleros<\/p>\r\n\t\t\t<\/div>\r\n\t\t\t\t\t\t\t\t<div class=\"col-xs-12 col-sm-6 col-md-4 col-lg-4 mini-ficha mini-ficha-11\">\r\n\t\t\t\t<p><strong> FERRER INTERNACIONAL, S.A.\r<\/strong><br \/>D. Albert Cortada Al\u00e0<\/p>\r\n\t\t\t<\/div>\r\n\t\t\t\t\t\t\t\t<div class=\"col-xs-12 col-sm-6 col-md-4 col-lg-4 mini-ficha mini-ficha-12\">\r\n\t\t\t\t<p><strong> FERRING, S.A.U.\r<\/strong><br \/>D. Juan Carlos Aguilera<\/p>\r\n\t\t\t<\/div>\r\n\t\t\t\t\t\t\t\t<div class=\"col-xs-12 col-sm-6 col-md-4 col-lg-4 mini-ficha mini-ficha-13\">\r\n\t\t\t\t<p><strong> GE HEALTHCARE BIOSCIENCES \r<\/strong><br \/>D\u00aa. M\u00f3nica Penedo<\/p>\r\n\t\t\t<\/div>\r\n\t\t\t\t\t\t\t\t<div class=\"col-xs-12 col-sm-6 col-md-4 col-lg-4 mini-ficha mini-ficha-14\">\r\n\t\t\t\t<p><strong> GLAXO WELLCOME\r<\/strong><br \/>D. Guillermo de Juan<\/p>\r\n\t\t\t<\/div>\r\n\t\t\t\t\t\t\t\t<div class=\"col-xs-12 col-sm-6 col-md-4 col-lg-4 mini-ficha mini-ficha-15\">\r\n\t\t\t\t<p><strong> GR\u00dcNENTHAL\r<\/strong><br \/>D\u00aa. Ana Martins<\/p>\r\n\t\t\t<\/div>\r\n\t\t\t\t\t\t\t\t<div class=\"col-xs-12 col-sm-6 col-md-4 col-lg-4 mini-ficha mini-ficha-16\">\r\n\t\t\t\t<p><strong> JOHNSON & JOHNSON\r<\/strong><br \/>D\u00aa. Mar\u00eda Fernanda Prado<\/p>\r\n\t\t\t<\/div>\r\n\t\t\t\t\t\t\t\t<div class=\"col-xs-12 col-sm-6 col-md-4 col-lg-4 mini-ficha mini-ficha-17\">\r\n\t\t\t\t<p><strong> LILLY, S.A.\r<\/strong><br \/>D. Julio C\u00e9sar Gay-Ger<\/p>\r\n\t\t\t<\/div>\r\n\t\t\t\t\t\t\t\t<div class=\"col-xs-12 col-sm-6 col-md-4 col-lg-4 mini-ficha mini-ficha-18\">\r\n\t\t\t\t<p><strong> MENARINI\r<\/strong><br \/>D. Ignacio Gonz\u00e1lez<\/p>\r\n\t\t\t<\/div>\r\n\t\t\t\t\t\t\t\t<div class=\"col-xs-12 col-sm-6 col-md-4 col-lg-4 mini-ficha mini-ficha-19\">\r\n\t\t\t\t<p><strong> MIZAR FARMAC\u00c9UTICA, S.L.\r<\/strong><br \/>D\u00aa. Natividad Calvente<\/p>\r\n\t\t\t<\/div>\r\n\t\t\t\t\t\t\t\t<div class=\"col-xs-12 col-sm-6 col-md-4 col-lg-4 mini-ficha mini-ficha-20\">\r\n\t\t\t\t<p><strong> MUNDIPHARMA\r<\/strong><br \/>D\u00aa. Marie Vergez<\/p>\r\n\t\t\t<\/div>\r\n\t\t\t\t\t\t\t\t<div class=\"col-xs-12 col-sm-6 col-md-4 col-lg-4 mini-ficha mini-ficha-21\">\r\n\t\t\t\t<p><strong> NOVARTIS\r<\/strong><br \/>D\u00aa. Amaya Echevarr\u00eda<\/p>\r\n\t\t\t<\/div>\r\n\t\t\t\t\t\t\t\t<div class=\"col-xs-12 col-sm-6 col-md-4 col-lg-4 mini-ficha mini-ficha-22\">\r\n\t\t\t\t<p><strong> REIG JOFRE, S.A., LABORATORIO\r<\/strong><br \/>D. Ignasi Biosca<\/p>\r\n\t\t\t<\/div>\r\n\t\t\t\t\t\t\t\t<div class=\"col-xs-12 col-sm-6 col-md-4 col-lg-4 mini-ficha mini-ficha-23\">\r\n\t\t\t\t<p><strong> SERVIER, S.L., LABORATORIOS\r<\/strong><br \/>D. Florent de Kertanguy<\/p>\r\n\t\t\t<\/div>\r\n\t\t\t\t\t\t\t\t<div class=\"col-xs-12 col-sm-6 col-md-4 col-lg-4 mini-ficha mini-ficha-24\">\r\n\t\t\t\t<p><strong> VI\u00d1AS, LABORATORIOS<\/strong><br \/>D. Antoni Buxad\u00e9<\/p>\r\n\t\t\t<\/div>\r\n\t\t\t<\/div>\r\n\r\n\r\n\r\n<\/div>\n","protected":false},"excerpt":{"rendered":"","protected":false},"author":1,"featured_media":5221,"parent":0,"menu_order":35,"comment_status":"open","ping_status":"open","template":"page-nosidebar.php","meta":{"_acf_changed":false,"footnotes":""},"class_list":["post-2316","page","type-page","status-publish","has-post-thumbnail","hentry"],"acf":[],"yoast_head":"<!-- This site is optimized with the Yoast SEO plugin v27.4 - https:\/\/yoast.com\/product\/yoast-seo-wordpress\/ -->\n<title>\u00d3rganos de gobierno - FarmaIndustria<\/title>\n<meta name=\"robots\" content=\"index, follow, max-snippet:-1, max-image-preview:large, max-video-preview:-1\" \/>\n<link rel=\"canonical\" href=\"https:\/\/www.farmaindustria.es\/web\/organos-de-gobierno\/\" \/>\n<meta property=\"og:locale\" content=\"es_ES\" \/>\n<meta property=\"og:type\" content=\"article\" \/>\n<meta property=\"og:title\" content=\"\u00d3rganos de gobierno - FarmaIndustria\" \/>\n<meta property=\"og:url\" content=\"https:\/\/www.farmaindustria.es\/web\/organos-de-gobierno\/\" \/>\n<meta property=\"og:site_name\" content=\"FarmaIndustria\" \/>\n<meta property=\"article:publisher\" content=\"https:\/\/www.facebook.com\/pages\/Farmaindustria\/730634013647836?ref=hl\" \/>\n<meta property=\"article:modified_time\" content=\"2024-12-10T12:15:06+00:00\" \/>\n<meta property=\"og:image\" content=\"https:\/\/www.farmaindustria.es\/web\/wp-content\/uploads\/sites\/2\/2016\/10\/DrAcebillo_alta2.jpg\" \/>\n\t<meta property=\"og:image:width\" content=\"800\" \/>\n\t<meta property=\"og:image:height\" content=\"1124\" \/>\n\t<meta property=\"og:image:type\" content=\"image\/jpeg\" \/>\n<meta name=\"twitter:card\" content=\"summary_large_image\" \/>\n<meta name=\"twitter:site\" content=\"@FarmaIndustria\" \/>\n<meta name=\"twitter:label1\" content=\"Tiempo de lectura\" \/>\n\t<meta name=\"twitter:data1\" content=\"1 minuto\" \/>\n<script type=\"application\/ld+json\" class=\"yoast-schema-graph\">{\"@context\":\"https:\\\/\\\/schema.org\",\"@graph\":[{\"@type\":\"WebPage\",\"@id\":\"https:\\\/\\\/www.farmaindustria.es\\\/web\\\/organos-de-gobierno\\\/\",\"url\":\"https:\\\/\\\/www.farmaindustria.es\\\/web\\\/organos-de-gobierno\\\/\",\"name\":\"\u00d3rganos de gobierno - FarmaIndustria\",\"isPartOf\":{\"@id\":\"https:\\\/\\\/www.farmaindustria.es\\\/web\\\/#website\"},\"primaryImageOfPage\":{\"@id\":\"https:\\\/\\\/www.farmaindustria.es\\\/web\\\/organos-de-gobierno\\\/#primaryimage\"},\"image\":{\"@id\":\"https:\\\/\\\/www.farmaindustria.es\\\/web\\\/organos-de-gobierno\\\/#primaryimage\"},\"thumbnailUrl\":\"https:\\\/\\\/www.farmaindustria.es\\\/web\\\/wp-content\\\/uploads\\\/sites\\\/2\\\/2016\\\/10\\\/DrAcebillo_alta2.jpg\",\"datePublished\":\"2014-02-04T12:35:59+00:00\",\"dateModified\":\"2024-12-10T12:15:06+00:00\",\"breadcrumb\":{\"@id\":\"https:\\\/\\\/www.farmaindustria.es\\\/web\\\/organos-de-gobierno\\\/#breadcrumb\"},\"inLanguage\":\"es\",\"potentialAction\":[{\"@type\":\"ReadAction\",\"target\":[\"https:\\\/\\\/www.farmaindustria.es\\\/web\\\/organos-de-gobierno\\\/\"]}]},{\"@type\":\"ImageObject\",\"inLanguage\":\"es\",\"@id\":\"https:\\\/\\\/www.farmaindustria.es\\\/web\\\/organos-de-gobierno\\\/#primaryimage\",\"url\":\"https:\\\/\\\/www.farmaindustria.es\\\/web\\\/wp-content\\\/uploads\\\/sites\\\/2\\\/2016\\\/10\\\/DrAcebillo_alta2.jpg\",\"contentUrl\":\"https:\\\/\\\/www.farmaindustria.es\\\/web\\\/wp-content\\\/uploads\\\/sites\\\/2\\\/2016\\\/10\\\/DrAcebillo_alta2.jpg\",\"width\":800,\"height\":1124},{\"@type\":\"BreadcrumbList\",\"@id\":\"https:\\\/\\\/www.farmaindustria.es\\\/web\\\/organos-de-gobierno\\\/#breadcrumb\",\"itemListElement\":[{\"@type\":\"ListItem\",\"position\":1,\"name\":\"Portada\",\"item\":\"https:\\\/\\\/www.farmaindustria.es\\\/web\\\/\"},{\"@type\":\"ListItem\",\"position\":2,\"name\":\"\u00d3rganos de gobierno\"}]},{\"@type\":\"WebSite\",\"@id\":\"https:\\\/\\\/www.farmaindustria.es\\\/web\\\/#website\",\"url\":\"https:\\\/\\\/www.farmaindustria.es\\\/web\\\/\",\"name\":\"FarmaIndustria\",\"description\":\"\",\"potentialAction\":[{\"@type\":\"SearchAction\",\"target\":{\"@type\":\"EntryPoint\",\"urlTemplate\":\"https:\\\/\\\/www.farmaindustria.es\\\/web\\\/?s={search_term_string}\"},\"query-input\":{\"@type\":\"PropertyValueSpecification\",\"valueRequired\":true,\"valueName\":\"search_term_string\"}}],\"inLanguage\":\"es\"}]}<\/script>\n<!-- \/ Yoast SEO plugin. -->","yoast_head_json":{"title":"\u00d3rganos de gobierno - FarmaIndustria","robots":{"index":"index","follow":"follow","max-snippet":"max-snippet:-1","max-image-preview":"max-image-preview:large","max-video-preview":"max-video-preview:-1"},"canonical":"https:\/\/www.farmaindustria.es\/web\/organos-de-gobierno\/","og_locale":"es_ES","og_type":"article","og_title":"\u00d3rganos de gobierno - FarmaIndustria","og_url":"https:\/\/www.farmaindustria.es\/web\/organos-de-gobierno\/","og_site_name":"FarmaIndustria","article_publisher":"https:\/\/www.facebook.com\/pages\/Farmaindustria\/730634013647836?ref=hl","article_modified_time":"2024-12-10T12:15:06+00:00","og_image":[{"width":800,"height":1124,"url":"https:\/\/www.farmaindustria.es\/web\/wp-content\/uploads\/sites\/2\/2016\/10\/DrAcebillo_alta2.jpg","type":"image\/jpeg"}],"twitter_card":"summary_large_image","twitter_site":"@FarmaIndustria","twitter_misc":{"Tiempo de lectura":"1 minuto"},"schema":{"@context":"https:\/\/schema.org","@graph":[{"@type":"WebPage","@id":"https:\/\/www.farmaindustria.es\/web\/organos-de-gobierno\/","url":"https:\/\/www.farmaindustria.es\/web\/organos-de-gobierno\/","name":"\u00d3rganos de gobierno - FarmaIndustria","isPartOf":{"@id":"https:\/\/www.farmaindustria.es\/web\/#website"},"primaryImageOfPage":{"@id":"https:\/\/www.farmaindustria.es\/web\/organos-de-gobierno\/#primaryimage"},"image":{"@id":"https:\/\/www.farmaindustria.es\/web\/organos-de-gobierno\/#primaryimage"},"thumbnailUrl":"https:\/\/www.farmaindustria.es\/web\/wp-content\/uploads\/sites\/2\/2016\/10\/DrAcebillo_alta2.jpg","datePublished":"2014-02-04T12:35:59+00:00","dateModified":"2024-12-10T12:15:06+00:00","breadcrumb":{"@id":"https:\/\/www.farmaindustria.es\/web\/organos-de-gobierno\/#breadcrumb"},"inLanguage":"es","potentialAction":[{"@type":"ReadAction","target":["https:\/\/www.farmaindustria.es\/web\/organos-de-gobierno\/"]}]},{"@type":"ImageObject","inLanguage":"es","@id":"https:\/\/www.farmaindustria.es\/web\/organos-de-gobierno\/#primaryimage","url":"https:\/\/www.farmaindustria.es\/web\/wp-content\/uploads\/sites\/2\/2016\/10\/DrAcebillo_alta2.jpg","contentUrl":"https:\/\/www.farmaindustria.es\/web\/wp-content\/uploads\/sites\/2\/2016\/10\/DrAcebillo_alta2.jpg","width":800,"height":1124},{"@type":"BreadcrumbList","@id":"https:\/\/www.farmaindustria.es\/web\/organos-de-gobierno\/#breadcrumb","itemListElement":[{"@type":"ListItem","position":1,"name":"Portada","item":"https:\/\/www.farmaindustria.es\/web\/"},{"@type":"ListItem","position":2,"name":"\u00d3rganos de gobierno"}]},{"@type":"WebSite","@id":"https:\/\/www.farmaindustria.es\/web\/#website","url":"https:\/\/www.farmaindustria.es\/web\/","name":"FarmaIndustria","description":"","potentialAction":[{"@type":"SearchAction","target":{"@type":"EntryPoint","urlTemplate":"https:\/\/www.farmaindustria.es\/web\/?s={search_term_string}"},"query-input":{"@type":"PropertyValueSpecification","valueRequired":true,"valueName":"search_term_string"}}],"inLanguage":"es"}]}},"_links":{"self":[{"href":"https:\/\/www.farmaindustria.es\/web\/wp-json\/wp\/v2\/pages\/2316","targetHints":{"allow":["GET"]}}],"collection":[{"href":"https:\/\/www.farmaindustria.es\/web\/wp-json\/wp\/v2\/pages"}],"about":[{"href":"https:\/\/www.farmaindustria.es\/web\/wp-json\/wp\/v2\/types\/page"}],"author":[{"embeddable":true,"href":"https:\/\/www.farmaindustria.es\/web\/wp-json\/wp\/v2\/users\/1"}],"replies":[{"embeddable":true,"href":"https:\/\/www.farmaindustria.es\/web\/wp-json\/wp\/v2\/comments?post=2316"}],"version-history":[{"count":1,"href":"https:\/\/www.farmaindustria.es\/web\/wp-json\/wp\/v2\/pages\/2316\/revisions"}],"predecessor-version":[{"id":21578,"href":"https:\/\/www.farmaindustria.es\/web\/wp-json\/wp\/v2\/pages\/2316\/revisions\/21578"}],"wp:featuredmedia":[{"embeddable":true,"href":"https:\/\/www.farmaindustria.es\/web\/wp-json\/wp\/v2\/media\/5221"}],"wp:attachment":[{"href":"https:\/\/www.farmaindustria.es\/web\/wp-json\/wp\/v2\/media?parent=2316"}],"curies":[{"name":"wp","href":"https:\/\/api.w.org\/{rel}","templated":true}]}}