{"id":2578,"date":"2014-03-05T12:11:20","date_gmt":"2014-03-05T11:11:20","guid":{"rendered":"https:\/\/www.farmaindustria.es\/web\/politica-de-cookies\/"},"modified":"2021-09-07T16:33:13","modified_gmt":"2021-09-07T14:33:13","slug":"politica-de-cookies","status":"publish","type":"page","link":"https:\/\/www.farmaindustria.es\/web\/politica-de-cookies\/","title":{"rendered":"Pol\u00edtica de cookies"},"content":{"rendered":"<table class=\"table\" style=\"margin: 0 auto 30px; width: 80%;\">\n<tbody>\n<tr>\n<td style=\"background-color: #579bac; color: #fff; padding: 20px 0 14px;\" colspan=\"2\">\n<p style=\"text-align: center;\"><strong>INFORMACI\u00d3N B\u00c1SICA SOBRE PROTECCI\u00d3N DE DATOS<\/strong><\/p>\n<\/td>\n<\/tr>\n<tr>\n<td><strong>Responsable<\/strong><\/td>\n<td>ASOCIACI\u00d3N NACIONAL EMPRESARIAL DE LA INDUSTRIA FARMAC\u00c9UTICA (\u201cFarmaindustria\u201d).<\/td>\n<\/tr>\n<tr>\n<td><strong>Finalidad<\/strong><\/td>\n<td>Aceptaci\u00f3n de las cookies.<\/td>\n<\/tr>\n<tr>\n<td><strong>Legitimaci\u00f3n<\/strong><\/td>\n<td>Consentimiento<\/td>\n<\/tr>\n<tr>\n<td><strong>Destinatarios<\/strong><\/td>\n<td>No se comunicaran datos a terceros, salvo obligaci\u00f3n legal.<\/td>\n<\/tr>\n<tr>\n<td><strong>Derechos<\/strong><\/td>\n<td>Acceso, rectificaci\u00f3n, supresi\u00f3n y portabilidad de sus datos, limitaci\u00f3n y oposici\u00f3n enviando un correo electr\u00f3nico a <a href=\"mailto:derechosdatos@farmaindustria.es\">derechosdatos@farmaindustria.es<\/a>. Asimismo, cuando proceda, tiene derecho a presentar una reclamaci\u00f3n ante la\u00a0<a href=\"http:\/\/www.aepd.es\/\">Agencia Espa\u00f1ola de Protecci\u00f3n de Datos<\/a>\u00a0(<a href=\"http:\/\/www.aepd.es\/\">http:\/\/www.aepd.es<\/a>).<\/td>\n<\/tr>\n<tr>\n<td><strong>Informaci\u00f3n Adicional<\/strong><\/td>\n<td>Farmaindustria conservar\u00e1 sus datos personales y podr\u00e1 tratarlos conforme a las finalidades descritas mientras no se solicite la supresi\u00f3n por el interesado.<\/p>\n<p>Para completar la informaci\u00f3n b\u00e1sica puede consultar la <u>Pol\u00edtica de Privacidad<\/u>adjunta.<\/td>\n<\/tr>\n<\/tbody>\n<\/table>\n<p><strong>1. \u00bfQU\u00c9 SON LAS COOKIES?<\/strong><\/p>\n<p>Una <em>cookie<\/em> es un peque\u00f1o fichero de texto que se almacena en su navegador cuando visita casi cualquier p\u00e1gina web. Su utilidad es que la web sea capaz de recordar su visita cuando vuelva a navegar por esa p\u00e1gina. Las <em>cookies<\/em> suelen almacenar informaci\u00f3n de car\u00e1cter t\u00e9cnico, preferencias personales, personalizaci\u00f3n de contenidos, estad\u00edsticas de uso, enlaces a redes sociales, acceso a cuentas de usuario, etc. El objetivo de la <em>cookie<\/em> es adaptar el contenido de la web a su perfil y necesidades, sin <em>cookies<\/em> los servicios ofrecidos por cualquier p\u00e1gina se ver\u00edan mermados notablemente. Si desea consultar m\u00e1s informaci\u00f3n sobre qu\u00e9 son las <em>cookies<\/em>, qu\u00e9 almacenan, c\u00f3mo eliminarlas, desactivarlas, etc.,<\/p>\n<p>&nbsp;<\/p>\n<p><strong>2. \u00bfQU\u00c9 TIPO DE COOKIES PODR\u00cdAN USARSE EN ESTE SITIO WEB Y CON QU\u00c9 FINALIDAD?<\/strong><\/p>\n<p>Siguiendo las directrices de la Agencia Espa\u00f1ola de Protecci\u00f3n de Datos procedemos a detallar el uso de <em>cookies<\/em> que hace esta web con el fin de informarle con la m\u00e1xima exactitud posible.<\/p>\n<p>Este sitio web utiliza las siguientes cookies propias y de terceros:<\/p>\n<div class=\"table-responsive\"><table class=\"table table-condensed\"><thead><tr><th>Nombre<\/th><th>Tipo<\/th><th>Descripci\u00f3n<\/th><\/tr><\/thead><tbody><tr><th><strong>cf.turnstile.u<\/strong><\/th><td>Necesaria<\/td><td>Esta cookie se utiliza para distinguir entre humanos y bots.<\/td><\/tr><tr><th><strong>_GRECAPTCHA<\/strong><\/th><td>Necesaria<\/td><td>Esta cookie se utiliza para distinguir entre humanos y bots. Esto es beneficioso para la web con el objeto de elaborar informes v\u00e1lidos sobre el uso de su web.<\/td><\/tr><tr><th><strong>rc::a<\/strong><\/th><td>Necesaria<\/td><td>Esta cookie se utiliza para distinguir entre humanos y bots. Esto es beneficioso para la web con el objeto de elaborar informes v\u00e1lidos sobre el uso de su web.<\/td><\/tr><tr><th><strong>rc::b<\/strong><\/th><td>Necesaria<\/td><td>Esta cookie se utiliza para distinguir entre humanos y bots.<\/td><\/tr><tr><th><strong>rc::c<\/strong><\/th><td>Necesaria<\/td><td>Esta cookie se utiliza para distinguir entre humanos y bots.<\/td><\/tr><tr><th><strong>rc::f<\/strong><\/th><td>Necesaria<\/td><td>Esta cookie se utiliza para distinguir entre humanos y bots.<\/td><\/tr><tr><th><strong>__cf_bm<\/strong><\/th><td>Necesaria<\/td><td>Esta cookie se utiliza para distinguir entre humanos y bots. Esto es beneficioso para la web con el objeto de elaborar informes v\u00e1lidos sobre el uso de su web.<\/td><\/tr><tr><th><strong>__cf_bm<\/strong><\/th><td>Necesaria<\/td><td>Esta cookie se utiliza para distinguir entre humanos y bots. Esto es beneficioso para la web con el objeto de elaborar informes v\u00e1lidos sobre el uso de su web.<\/td><\/tr><tr><th><strong>_cfuvid<\/strong><\/th><td>Necesaria<\/td><td>Esta cookie es una parte de los servicios provistos por Cloudflare \u2013 Incluyendo el equilibrio de carga, entrega del contenido de la web y conexi\u00f3n al servidor DNS para operadores de la web.<\/td><\/tr><tr><th><strong>CookieConsent<\/strong><\/th><td>Necesaria<\/td><td>Almacena el estado de consentimiento de cookies del usuario para el dominio actual<\/td><\/tr><tr><th><strong>laravel_session<\/strong><\/th><td>Necesaria<\/td><td>Esta cookie es utilizada internamente por los propietarios del sitio web, al cargar o renovar el contenido del sitio web.<\/td><\/tr><tr><th><strong>PHPSESSID<\/strong><\/th><td>Necesaria<\/td><td>Conserva los estados de los usuarios en todas las peticiones de la p\u00e1gina.<\/td><\/tr><tr><th><strong>wpEmojiSettingsSupports<\/strong><\/th><td>Necesaria<\/td><td>Esta cookie est\u00e1 asociada con un paquete de cookies que sirven al prop\u00f3sito de entrega de contenido y presentaci\u00f3n. Estas cookies mantienen el correcto estado de fuente, deslizador de blog\/im\u00e1genes, elecci\u00f3n de color y otros ajustes de la web.<\/td><\/tr><tr><th><strong>XSRF-TOKEN<\/strong><\/th><td>Necesaria<\/td><td>Asegura la navegaci\u00f3n segura del visitante previniendo la falsificaci\u00f3n de petici\u00f3n en sitios cruzados (CSRF). Esta cookie es esencial para la seguridad de la web y del visitante.<\/td><\/tr><tr><th><strong>_ga<\/strong><\/th><td>Estad\u00edstica<\/td><td>Registra una identificaci\u00f3n \u00fanica que se utiliza para generar datos estad\u00edsticos acerca de c\u00f3mo utiliza el visitante el sitio web.<\/td><\/tr><tr><th><strong>_ga_#<\/strong><\/th><td>Estad\u00edstica<\/td><td>Recopila datos sobre el n\u00famero de veces que un usuario ha visitado el sitio web adem\u00e1s de las fechas de la primera visita y de la m\u00e1s reciente. Utilizada por Google Analytics.<\/td><\/tr><tr><th><strong>_gat<\/strong><\/th><td>Estad\u00edstica<\/td><td>Utilizado por Google Analytics para controlar la tasa de peticiones<\/td><\/tr><tr><th><strong>_gid<\/strong><\/th><td>Estad\u00edstica<\/td><td>Registra una identificaci\u00f3n \u00fanica que se utiliza para generar datos estad\u00edsticos acerca de c\u00f3mo utiliza el visitante el sitio web.<\/td><\/tr><tr><th><strong>i\/jot\/embeds<\/strong><\/th><td>Marketing<\/td><td>Establece un identificar \u00fanico para el visitante que permite a anunciantes externos (terceras partes) dirigirse al visitante con publicidad relevante. Este servicio combinado est\u00e1 provisto por centros de publicidad, que facilitan ofertas en tiempo real a los anunciantes.<\/td><\/tr><tr><th><strong>LAST_RESULT_ENTRY_KEY<\/strong><\/th><td>Marketing<\/td><td>Se usa para rastrear la interacci\u00f3n del usuario con el contenido integrado. <\/td><\/tr><tr><th><strong>TESTCOOKIESENABLED<\/strong><\/th><td>Marketing<\/td><td>Se usa para rastrear la interacci\u00f3n del usuario con el contenido integrado. <\/td><\/tr><tr><th><strong>YtIdbMeta#databases<\/strong><\/th><td>Marketing<\/td><td>Se usa para rastrear la interacci\u00f3n del usuario con el contenido integrado. <\/td><\/tr><tr><th><strong>__Secure-BUCKET<\/strong><\/th><td>Marketing<\/td><td><\/td><\/tr><tr><th><strong>__Secure-ROLLOUT_TOKEN<\/strong><\/th><td>Marketing<\/td><td>Se usa para rastrear la interacci\u00f3n del usuario con el contenido integrado. <\/td><\/tr><tr><th><strong>__Secure-YEC<\/strong><\/th><td>Marketing<\/td><td>Registra las preferencias del reproductor de v\u00eddeo del usuario al ver v\u00eddeos incrustados de YouTube<\/td><\/tr><tr><th><strong>__Secure-YNID<\/strong><\/th><td>Marketing<\/td><td>Se usa para rastrear la interacci\u00f3n del usuario con el contenido integrado. <\/td><\/tr><tr><th><strong>LAST_RESULT_ENTRY_KEY<\/strong><\/th><td>Marketing<\/td><td>Se usa para rastrear la interacci\u00f3n del usuario con el contenido integrado. <\/td><\/tr><tr><th><strong>LogsDatabaseV2:V#||LogsRequestsStore<\/strong><\/th><td>Marketing<\/td><td>Se usa para rastrear la interacci\u00f3n del usuario con el contenido integrado. <\/td><\/tr><tr><th><strong>ServiceWorkerLogsDatabase#SWHealthLog<\/strong><\/th><td>Marketing<\/td><td>Necesaria para la implementaci\u00f3n y funcionabilidad del contenido de video de YouTube en la web.<\/td><\/tr><tr><th><strong>TESTCOOKIESENABLED<\/strong><\/th><td>Marketing<\/td><td>Se usa para rastrear la interacci\u00f3n del usuario con el contenido integrado. <\/td><\/tr><tr><th><strong>VISITOR_INFO1_LIVE<\/strong><\/th><td>Marketing<\/td><td>Intenta calcular el ancho de banda del usuario en p\u00e1ginas con v\u00eddeos de YouTube integrados.<\/td><\/tr><tr><th><strong>YSC<\/strong><\/th><td>Marketing<\/td><td>Registra una identificaci\u00f3n \u00fanica para mantener estad\u00edsticas de qu\u00e9 v\u00eddeos de YouTube ha visto el usuario.<\/td><\/tr><tr><th><strong>yt-icons-last-purged<\/strong><\/th><td>Marketing<\/td><td>Necesaria para la implementaci\u00f3n y funcionabilidad del contenido de video de YouTube en la web.<\/td><\/tr><tr><th><strong>ytidb::LAST_RESULT_ENTRY_KEY<\/strong><\/th><td>Marketing<\/td><td>Se usa para rastrear la interacci\u00f3n del usuario con el contenido integrado. <\/td><\/tr><tr><th><strong>YtIdbMeta#databases<\/strong><\/th><td>Marketing<\/td><td>Se usa para rastrear la interacci\u00f3n del usuario con el contenido integrado. <\/td><\/tr><tr><th><strong>ispring::{403A10D6-84DF-4E6C-971A-F4AEFD7FA859}<\/strong><\/th><td><\/td><td><\/td><\/tr><tr><th><strong>ispring::{4DE09489-C25C-4DC5-B157-D930B0795688}<\/strong><\/th><td><\/td><td><\/td><\/tr><\/tbody><\/table><\/div>\n<p>&nbsp;<\/p>\n<p><strong>3. \u00bfCU\u00c1NDO OTORGO MI CONSENTIMIENTO PARA EL USO DE COOKIES?<\/strong><\/p>\n<p>Cuando el Usuario accede a nuestro Sitio Web y antes de comenzar la navegaci\u00f3n, es advertido sobre el uso de Cookies de manera que puede prestar su consentimiento en relaci\u00f3n a nuestra Pol\u00edtica de Cookies aceptando las cookies o pudiendo seleccionar las que considere.<\/p>\n<p>&nbsp;<\/p>\n<p><strong>4. \u00bfC\u00d3MO PUEDO DESHABILITAR Y BLOQUEAR LAS COOKIES?<\/strong><\/p>\n<p>En cualquier momento podr\u00e1 ejercer su derecho de desactivaci\u00f3n o eliminaci\u00f3n de cookies de este Sitio Web. Estas acciones se realizan de forma diferente en funci\u00f3n del navegador que est\u00e9 usando.<\/p>\n<p style=\"text-align: center;\"><a class=\"btn btn-farmai\" href=\"javascript: Cookiebot.renew()\">Renovar o cambiar su consentimiento de cookies<\/a><\/p>\n<p>A continuaci\u00f3n le indicamos c\u00f3mo acceder a una <em>cookie<\/em> determinada del navegador Chrome. Nota: estos pasos pueden variar en funci\u00f3n de la versi\u00f3n del navegador:<\/p>\n<ol>\n<li>Vaya a Configuraci\u00f3n o Preferencias mediante el men\u00fa Archivo o bien pinchando el icono de personalizaci\u00f3n que aparece arriba a la derecha.<\/li>\n<li>Ver\u00e1 diferentes secciones, pinche la opci\u00f3n <em>Mostrar opciones avanzadas<\/em>.<\/li>\n<li>Vaya a <em>Privacidad<\/em>, <em>Configuraci\u00f3n de contenido<\/em>.<\/li>\n<li>Seleccione <em>Todas las\u00a0cookies\u00a0y los datos de sitios<\/em>.<\/li>\n<li>Aparecer\u00e1 un listado con todas las <em>cookies<\/em> ordenadas por dominio. Para que le sea m\u00e1s f\u00e1cil encontrar las <em>cookies<\/em> de un determinado dominio introduzca parcial o totalmente la direcci\u00f3n en el campo <em>Buscar cookies<\/em>.<\/li>\n<li>Tras realizar este filtro aparecer\u00e1n en pantalla una o varias l\u00edneas con las <em>cookies<\/em> de la web solicitada. Ahora s\u00f3lo tiene que seleccionarla y pulsar la <em>X<\/em> para proceder a su eliminaci\u00f3n.<\/li>\n<\/ol>\n<p>Para acceder a la configuraci\u00f3n de <em>cookies<\/em> del navegador Internet Explorer siga estos pasos (pueden variar en funci\u00f3n de la versi\u00f3n del navegador):<\/p>\n<ol>\n<li>Vaya a <em>Herramientas<\/em>, <em>Opciones de Internet<\/em><\/li>\n<li>Haga click en <em>Privacidad<\/em>.<\/li>\n<li>Mueva el deslizador hasta ajustar el nivel de privacidad que desee.<\/li>\n<\/ol>\n<p>Para acceder a la configuraci\u00f3n de <em>cookies<\/em> del navegador Firefox siga estos pasos (pueden variar en funci\u00f3n de la versi\u00f3n del navegador):<\/p>\n<ol>\n<li>Vaya a <em>Opciones<\/em> o <em>Preferencias<\/em> seg\u00fan su sistema operativo.<\/li>\n<li>Haga click en <em>Privacidad<\/em>.<\/li>\n<li>En <em>Historial<\/em> elija <em>Usar una configuraci\u00f3n personalizada para el historial<\/em>.<\/li>\n<li>Ahora ver\u00e1 la opci\u00f3n <em>Aceptar cookies<\/em>, puede activarla o desactivarla seg\u00fan sus preferencias.<\/li>\n<\/ol>\n<p>Para acceder a la configuraci\u00f3n de <em>cookies<\/em> del navegador Safari para OSX siga estos pasos (pueden variar en funci\u00f3n de la versi\u00f3n del navegador):<\/p>\n<ol>\n<li>Vaya a <em>Preferencias<\/em>, luego <em>Privacidad<\/em>.<\/li>\n<li>En este lugar ver\u00e1 la opci\u00f3n <em>Bloquear cookies<\/em> para que ajuste el tipo de bloqueo que desea realizar.<\/li>\n<\/ol>\n<p>Para acceder a la configuraci\u00f3n de <em>cookies<\/em> del navegador Safari para iOS siga estos pasos (pueden variar en funci\u00f3n de la versi\u00f3n del navegador):<\/p>\n<ol>\n<li>Vaya a <em>Ajustes<\/em>, luego <em>Safari<\/em>.<\/li>\n<li>Vaya a <em>Privacidad y Seguridad<\/em>, ver\u00e1 la opci\u00f3n <em>Bloquear cookies<\/em> para que ajuste el tipo de bloqueo que desea realizar.<\/li>\n<\/ol>\n<p>Para acceder a la configuraci\u00f3n de <em>cookies<\/em> del navegador para dispositivos Android siga estos pasos (pueden variar en funci\u00f3n de la versi\u00f3n del navegador):<\/p>\n<ol>\n<li>Ejecute el navegador y pulse la tecla <em>Men\u00fa<\/em>, luego <em>Ajustes<\/em>.<\/li>\n<li>Vaya a <em>Seguridad y Privacidad<\/em>, ver\u00e1 la opci\u00f3n <em>Aceptar cookies<\/em> para que active o desactive la casilla.<\/li>\n<\/ol>\n<p>Para acceder a la configuraci\u00f3n de <em>cookies<\/em> del navegador para dispositivos Windows Phone siga estos pasos (pueden variar en funci\u00f3n de la versi\u00f3n del navegador):<\/p>\n<ol>\n<li>Abra <em>Internet Explorer<\/em>, luego <em>M\u00e1s<\/em>, luego <em>Configuraci\u00f3n<\/em><\/li>\n<li>Ahora puede activar o desactivar la casilla <em>Permitir cookies<\/em>.<\/li>\n<\/ol>\n<p>&nbsp;<\/p>\n<p>En el caso de las <em>cookies<\/em> de Google Analytics, Youtube y Vimeo, estas empresas almacenan las <em>cookies<\/em> en servidores ubicados en Estados Unidos y se compromete a no compartirla con terceros, excepto en los casos en los que sea necesario para el funcionamiento del sistema o cuando la ley obligue a tal efecto. Tenga en cuenta que, si acepta las cookies de terceros, deber\u00e1 eliminarlas desde las opciones del navegador o desde el sistema ofrecido por el propio tercero acudiendo a <a href=\"https:\/\/policies.google.com\/technologies\/cookies?hl=es\" target=\"_blank\" rel=\"noopener\">Google Analytics<\/a>, <a href=\"https:\/\/vimeo.com\/cookie_policy\" target=\"_blank\" rel=\"noopener\">Vimeo<\/a> o <a href=\"https:\/\/policies.google.com\/technologies\/cookies\" target=\"_blank\" rel=\"noopener\">Youtube<\/a>.<\/p>\n<p>&nbsp;<\/p>\n<p><strong>5. \u00bfC\u00d3MO PUEDO REVOCAR MI CONSENTIMIENTO?<\/strong><\/p>\n<p>El Usuario podr\u00e1, en cualquier momento, revocar el consentimiento otorgado en relaci\u00f3n al uso de Cookies que nos autorice a realizar, para lo cual deber\u00e1 eliminar las Cookies almacenadas en su equipo (ordenador o dispositivo m\u00f3vil) a trav\u00e9s de los ajustes y configuraciones de su navegador de Internet.<\/p>\n<p>Sin embargo, tenga en cuenta que, en la mayor\u00eda de los casos, eliminar o deshabilitar las Cookies podr\u00eda afectar la funcionalidad de nuestro Sitio Web y limitarle el acceso a ciertas \u00e1reas o servicios ofrecidos a trav\u00e9s del mismo.<\/p>\n","protected":false},"excerpt":{"rendered":"<p>INFORMACI\u00d3N B\u00c1SICA SOBRE PROTECCI\u00d3N DE DATOS Responsable ASOCIACI\u00d3N NACIONAL EMPRESARIAL DE LA INDUSTRIA FARMAC\u00c9UTICA (\u201cFarmaindustria\u201d). Finalidad Aceptaci\u00f3n de las cookies. Legitimaci\u00f3n Consentimiento Destinatarios No se comunicaran datos a terceros, salvo obligaci\u00f3n legal. Derechos Acceso, rectificaci\u00f3n, supresi\u00f3n y portabilidad de sus datos, limitaci\u00f3n y oposici\u00f3n enviando un correo electr\u00f3nico a derechosdatos@farmaindustria.es. Asimismo, cuando proceda, tiene derecho  <a href=\"https:\/\/www.farmaindustria.es\/web\/politica-de-cookies\/\" class=\"read-more\">&hellip;<\/a><\/p>\n","protected":false},"author":1,"featured_media":0,"parent":0,"menu_order":230,"comment_status":"closed","ping_status":"closed","template":"page-nosidebar.php","meta":{"_acf_changed":false,"footnotes":""},"class_list":["post-2578","page","type-page","status-publish","hentry"],"acf":[],"yoast_head":"<!-- This site is optimized with the Yoast SEO plugin v27.2 - https:\/\/yoast.com\/product\/yoast-seo-wordpress\/ -->\n<title>Pol\u00edtica de cookies - FarmaIndustria<\/title>\n<meta name=\"robots\" content=\"index, follow, max-snippet:-1, max-image-preview:large, max-video-preview:-1\" \/>\n<link rel=\"canonical\" href=\"https:\/\/www.farmaindustria.es\/web\/politica-de-cookies\/\" \/>\n<meta property=\"og:locale\" content=\"es_ES\" \/>\n<meta property=\"og:type\" content=\"article\" \/>\n<meta property=\"og:title\" content=\"Pol\u00edtica de cookies - FarmaIndustria\" \/>\n<meta property=\"og:description\" content=\"INFORMACI\u00d3N B\u00c1SICA SOBRE PROTECCI\u00d3N DE DATOS Responsable ASOCIACI\u00d3N NACIONAL EMPRESARIAL DE LA INDUSTRIA FARMAC\u00c9UTICA (\u201cFarmaindustria\u201d). Finalidad Aceptaci\u00f3n de las cookies. Legitimaci\u00f3n Consentimiento Destinatarios No se comunicaran datos a terceros, salvo obligaci\u00f3n legal. Derechos Acceso, rectificaci\u00f3n, supresi\u00f3n y portabilidad de sus datos, limitaci\u00f3n y oposici\u00f3n enviando un correo electr\u00f3nico a derechosdatos@farmaindustria.es. Asimismo, cuando proceda, tiene derecho &hellip;\" \/>\n<meta property=\"og:url\" content=\"https:\/\/www.farmaindustria.es\/web\/politica-de-cookies\/\" \/>\n<meta property=\"og:site_name\" content=\"FarmaIndustria\" \/>\n<meta property=\"article:publisher\" content=\"https:\/\/www.facebook.com\/pages\/Farmaindustria\/730634013647836?ref=hl\" \/>\n<meta property=\"article:modified_time\" content=\"2021-09-07T14:33:13+00:00\" \/>\n<meta property=\"og:image\" content=\"https:\/\/www.farmaindustria.es\/web\/wp-content\/uploads\/sites\/2\/2014\/03\/logo-farmaindustria.png\" \/>\n\t<meta property=\"og:image:width\" content=\"200\" \/>\n\t<meta property=\"og:image:height\" content=\"200\" \/>\n\t<meta property=\"og:image:type\" content=\"image\/png\" \/>\n<meta name=\"twitter:card\" content=\"summary_large_image\" \/>\n<meta name=\"twitter:site\" content=\"@FarmaIndustria\" \/>\n<meta name=\"twitter:label1\" content=\"Tiempo de lectura\" \/>\n\t<meta name=\"twitter:data1\" content=\"5 minutos\" \/>\n<script type=\"application\/ld+json\" class=\"yoast-schema-graph\">{\"@context\":\"https:\/\/schema.org\",\"@graph\":[{\"@type\":\"WebPage\",\"@id\":\"https:\/\/www.farmaindustria.es\/web\/politica-de-cookies\/\",\"url\":\"https:\/\/www.farmaindustria.es\/web\/politica-de-cookies\/\",\"name\":\"Pol\u00edtica de cookies - FarmaIndustria\",\"isPartOf\":{\"@id\":\"https:\/\/www.farmaindustria.es\/web\/#website\"},\"datePublished\":\"2014-03-05T11:11:20+00:00\",\"dateModified\":\"2021-09-07T14:33:13+00:00\",\"breadcrumb\":{\"@id\":\"https:\/\/www.farmaindustria.es\/web\/politica-de-cookies\/#breadcrumb\"},\"inLanguage\":\"es\",\"potentialAction\":[{\"@type\":\"ReadAction\",\"target\":[\"https:\/\/www.farmaindustria.es\/web\/politica-de-cookies\/\"]}]},{\"@type\":\"BreadcrumbList\",\"@id\":\"https:\/\/www.farmaindustria.es\/web\/politica-de-cookies\/#breadcrumb\",\"itemListElement\":[{\"@type\":\"ListItem\",\"position\":1,\"name\":\"Portada\",\"item\":\"https:\/\/www.farmaindustria.es\/web\/\"},{\"@type\":\"ListItem\",\"position\":2,\"name\":\"Pol\u00edtica de cookies\"}]},{\"@type\":\"WebSite\",\"@id\":\"https:\/\/www.farmaindustria.es\/web\/#website\",\"url\":\"https:\/\/www.farmaindustria.es\/web\/\",\"name\":\"FarmaIndustria\",\"description\":\"\",\"potentialAction\":[{\"@type\":\"SearchAction\",\"target\":{\"@type\":\"EntryPoint\",\"urlTemplate\":\"https:\/\/www.farmaindustria.es\/web\/?s={search_term_string}\"},\"query-input\":{\"@type\":\"PropertyValueSpecification\",\"valueRequired\":true,\"valueName\":\"search_term_string\"}}],\"inLanguage\":\"es\"}]}<\/script>\n<!-- \/ Yoast SEO plugin. -->","yoast_head_json":{"title":"Pol\u00edtica de cookies - FarmaIndustria","robots":{"index":"index","follow":"follow","max-snippet":"max-snippet:-1","max-image-preview":"max-image-preview:large","max-video-preview":"max-video-preview:-1"},"canonical":"https:\/\/www.farmaindustria.es\/web\/politica-de-cookies\/","og_locale":"es_ES","og_type":"article","og_title":"Pol\u00edtica de cookies - FarmaIndustria","og_description":"INFORMACI\u00d3N B\u00c1SICA SOBRE PROTECCI\u00d3N DE DATOS Responsable ASOCIACI\u00d3N NACIONAL EMPRESARIAL DE LA INDUSTRIA FARMAC\u00c9UTICA (\u201cFarmaindustria\u201d). Finalidad Aceptaci\u00f3n de las cookies. Legitimaci\u00f3n Consentimiento Destinatarios No se comunicaran datos a terceros, salvo obligaci\u00f3n legal. Derechos Acceso, rectificaci\u00f3n, supresi\u00f3n y portabilidad de sus datos, limitaci\u00f3n y oposici\u00f3n enviando un correo electr\u00f3nico a derechosdatos@farmaindustria.es. Asimismo, cuando proceda, tiene derecho &hellip;","og_url":"https:\/\/www.farmaindustria.es\/web\/politica-de-cookies\/","og_site_name":"FarmaIndustria","article_publisher":"https:\/\/www.facebook.com\/pages\/Farmaindustria\/730634013647836?ref=hl","article_modified_time":"2021-09-07T14:33:13+00:00","og_image":[{"width":200,"height":200,"url":"https:\/\/www.farmaindustria.es\/web\/wp-content\/uploads\/sites\/2\/2014\/03\/logo-farmaindustria.png","type":"image\/png"}],"twitter_card":"summary_large_image","twitter_site":"@FarmaIndustria","twitter_misc":{"Tiempo de lectura":"5 minutos"},"schema":{"@context":"https:\/\/schema.org","@graph":[{"@type":"WebPage","@id":"https:\/\/www.farmaindustria.es\/web\/politica-de-cookies\/","url":"https:\/\/www.farmaindustria.es\/web\/politica-de-cookies\/","name":"Pol\u00edtica de cookies - FarmaIndustria","isPartOf":{"@id":"https:\/\/www.farmaindustria.es\/web\/#website"},"datePublished":"2014-03-05T11:11:20+00:00","dateModified":"2021-09-07T14:33:13+00:00","breadcrumb":{"@id":"https:\/\/www.farmaindustria.es\/web\/politica-de-cookies\/#breadcrumb"},"inLanguage":"es","potentialAction":[{"@type":"ReadAction","target":["https:\/\/www.farmaindustria.es\/web\/politica-de-cookies\/"]}]},{"@type":"BreadcrumbList","@id":"https:\/\/www.farmaindustria.es\/web\/politica-de-cookies\/#breadcrumb","itemListElement":[{"@type":"ListItem","position":1,"name":"Portada","item":"https:\/\/www.farmaindustria.es\/web\/"},{"@type":"ListItem","position":2,"name":"Pol\u00edtica de cookies"}]},{"@type":"WebSite","@id":"https:\/\/www.farmaindustria.es\/web\/#website","url":"https:\/\/www.farmaindustria.es\/web\/","name":"FarmaIndustria","description":"","potentialAction":[{"@type":"SearchAction","target":{"@type":"EntryPoint","urlTemplate":"https:\/\/www.farmaindustria.es\/web\/?s={search_term_string}"},"query-input":{"@type":"PropertyValueSpecification","valueRequired":true,"valueName":"search_term_string"}}],"inLanguage":"es"}]}},"_links":{"self":[{"href":"https:\/\/www.farmaindustria.es\/web\/wp-json\/wp\/v2\/pages\/2578","targetHints":{"allow":["GET"]}}],"collection":[{"href":"https:\/\/www.farmaindustria.es\/web\/wp-json\/wp\/v2\/pages"}],"about":[{"href":"https:\/\/www.farmaindustria.es\/web\/wp-json\/wp\/v2\/types\/page"}],"author":[{"embeddable":true,"href":"https:\/\/www.farmaindustria.es\/web\/wp-json\/wp\/v2\/users\/1"}],"replies":[{"embeddable":true,"href":"https:\/\/www.farmaindustria.es\/web\/wp-json\/wp\/v2\/comments?post=2578"}],"version-history":[{"count":3,"href":"https:\/\/www.farmaindustria.es\/web\/wp-json\/wp\/v2\/pages\/2578\/revisions"}],"predecessor-version":[{"id":14325,"href":"https:\/\/www.farmaindustria.es\/web\/wp-json\/wp\/v2\/pages\/2578\/revisions\/14325"}],"wp:attachment":[{"href":"https:\/\/www.farmaindustria.es\/web\/wp-json\/wp\/v2\/media?parent=2578"}],"curies":[{"name":"wp","href":"https:\/\/api.w.org\/{rel}","templated":true}]}}